{"id":692,"date":"2019-05-19T21:01:28","date_gmt":"2019-05-19T21:01:28","guid":{"rendered":"http:\/\/www.nova-trojka.cz\/?page_id=692"},"modified":"2026-03-02T10:06:39","modified_gmt":"2026-03-02T09:06:39","slug":"socialni-aktivity","status":"publish","type":"page","link":"https:\/\/www.nova-trojka.cz\/index.php\/socialni-aktivity\/","title":{"rendered":"Soci\u00e1ln\u00ed aktivity"},"content":{"rendered":"\n<div class=\"wp-block-cover is-light\"><img loading=\"lazy\" decoding=\"async\" width=\"4160\" height=\"3120\" class=\"wp-block-cover__image-background wp-image-1103\" alt=\"\" src=\"https:\/\/www.nova-trojka.cz\/wp-content\/uploads\/2019\/06\/IMG_20190518_140439.jpg\" data-object-fit=\"cover\" srcset=\"https:\/\/www.nova-trojka.cz\/wp-content\/uploads\/2019\/06\/IMG_20190518_140439.jpg 4160w, https:\/\/www.nova-trojka.cz\/wp-content\/uploads\/2019\/06\/IMG_20190518_140439-300x225.jpg 300w, https:\/\/www.nova-trojka.cz\/wp-content\/uploads\/2019\/06\/IMG_20190518_140439-768x576.jpg 768w, https:\/\/www.nova-trojka.cz\/wp-content\/uploads\/2019\/06\/IMG_20190518_140439-1024x768.jpg 1024w\" sizes=\"auto, (max-width: 4160px) 100vw, 4160px\" \/><span aria-hidden=\"true\" class=\"wp-block-cover__background has-background-dim\"><\/span><div class=\"wp-block-cover__inner-container is-layout-flow wp-block-cover-is-layout-flow\">\n<p class=\"has-text-align-center has-large-font-size\"><mark style=\"background-color:rgba(0, 0, 0, 0)\" class=\"has-inline-color has-white-color\">Podporujeme ohro\u017een\u00e9 rodiny<\/mark><\/p>\n\n\n\n<p><\/p>\n<\/div><\/div>\n\n\n\n<p>Soci\u00e1ln\u00ed aktivity v Nov\u00e9 Trojce zahrnuj\u00ed podporu soci\u00e1ln\u011b ohro\u017een\u00fdch rodin, p\u011bstoun\u016f i jednotlivc\u016f \u010di rodin, kter\u00e9 se ocitly ve slo\u017eit\u00e9 \u017eivotn\u00ed situaci. Pom\u00e1h\u00e1me tak\u00e9 d\u011btem s omezen\u00fdmi p\u0159\u00edle\u017eitostmi. Spolupracujeme s Org\u00e1nem soci\u00e1ln\u011b pr\u00e1vn\u00ed ochrany d\u00edt\u011bte (OSPOD) v Praze 3.&nbsp; S \u017e\u00e1dost\u00ed o pomoc se na n\u00e1s m\u016f\u017eete obr\u00e1tit bu\u010f prost\u0159ednictv\u00edm OSPOD nebo samostatn\u011b &#8211; <strong>Mgr. Jolana Kurzweilov\u00e1, tel.: 603&nbsp;416&nbsp;724, email:&nbsp;<\/strong><a href=\"mailto:jolana.kurzweilova@novatrojka.cz\"><strong>jolana.kurzweilova@novatrojka.cz<\/strong><\/a><strong>.<\/strong><\/p>\n\n\n\n<div class=\"divider\" style=\"margin-top:20px; margin-bottom:20px; border-top:1px solid #CCCCCC;width:100%\"\/><\/div>\n\n\n\n<div class=\"clearfix rara-row\"><div class=\"rara_column rara-span3\"><h6><span style=\"color: #ff6600;\"><b>Znev\u00fdhodn\u011bn\u00e9 rodiny a d\u011bti:<\/b><\/span><\/h6>\n\n\n<ul class=\"wp-block-list\">\n<li>bezplatn\u00e1 \u00fa\u010dast v&nbsp;kurzech <\/li>\n\n\n\n<li>bezplatn\u00e1 \u00fa\u010dast na&nbsp;jednor\u00e1zov\u00fdch tradi\u010dn\u00edch akc\u00edch <\/li>\n\n\n\n<li>bezplatn\u00e9 individu\u00e1ln\u00ed nebo online poradenstv\u00ed <\/li>\n\n\n\n<li>sb\u00edrky oble\u010den\u00ed a dal\u0161\u00edch pot\u0159ebn\u00fdch v\u011bc\u00ed<\/li>\n\n\n\n<li>bezplatn\u00e1 \u00fa\u010dast d\u011bt\u00ed v&nbsp;p\u0159\u00edm\u011bstsk\u00fdch t\u00e1borech<\/li>\n\n\n\n<li>dny pro d\u011bti z&nbsp;p\u011bstounsk\u00fdch a soci\u00e1ln\u011b znev\u00fdhodn\u011bn\u00fdch rodin <\/li>\n\n\n\n<li>program prim\u00e1rn\u00ed prevence <\/li>\n\n\n\n<li>integrace d\u011bt\u00ed s&nbsp;jazykovou bari\u00e9rou (d\u011bti cizinc\u016f) <\/li>\n\n\n\n<li>integrace d\u011bt\u00ed zdravotn\u011b handicapovan\u00fdch <\/li>\n\n\n\n<li>dou\u010dov\u00e1n\u00ed pro d\u011bti s omezen\u00fdmi p\u0159\u00edle\u017eitostmi<\/li>\n<\/ul><\/div><div class=\"rara_column rara-span3\"><h6><span style=\"color: #ff6600;\"><strong data-rich-text-format-boundary=\"true\">P\u011bstounsk\u00e9 rodiny: <\/strong><\/span><\/h6>\n\n\n<ul class=\"wp-block-list\">\n<li>komplexn\u00ed syst\u00e9m vzd\u011bl\u00e1v\u00e1n\u00ed pro p\u011bstouny \u2013 vzd\u011bl\u00e1vac\u00ed aktivity vych\u00e1zej\u00edc\u00ed z&nbsp;pot\u0159eb p\u011bstoun\u016f a jejich d\u011bt\u00ed<\/li>\n\n\n\n<li>den pro p\u011bstounsk\u00e9 rodiny \u2013 celodenn\u00ed vzd\u011bl\u00e1vac\u00ed a odleh\u010dovac\u00ed aktivity pro p\u011bstouny a jejich d\u011bti (2x ro\u010dn\u011b)<\/li>\n\n\n\n<li>spolupracujeme na vzd\u011bl\u00e1vac\u00edch pobytov\u00fdch v\u00fdjezdech OSPOD Prahy 3 pro p\u011bstounsk\u00e9 rodiny<\/li>\n<\/ul>\n\n\n<h6><span style=\"color: #ff6600;\"><strong data-rich-text-format-boundary=\"true\">Rodiny a jednotlivci ve slo\u017eit\u00e9 \u017eivotn\u00ed situaci:<\/strong><\/span><\/h6>\n<ul class=\"block-editor-rich-text__editable editor-rich-text__editable\" role=\"textbox\" contenteditable=\"true\" aria-multiline=\"true\" data-is-placeholder-visible=\"false\" aria-label=\"Napi\u0161te seznam\u2026\" aria-autocomplete=\"list\">\n<li>individu\u00e1ln\u00ed a internetov\u00e9 poradenstv\u00ed zdarma \u010di za motiva\u010dn\u00ed poplatek<\/li>\n<li>diskuzn\u00ed a sv\u00e9pomocn\u00e9 skupiny<\/li>\n<\/ul><\/div><\/div>\n\n\n\n<figure class=\"wp-block-image size-large\"><img loading=\"lazy\" decoding=\"async\" width=\"1024\" height=\"359\" src=\"https:\/\/www.nova-trojka.cz\/wp-content\/uploads\/2022\/06\/flag-7048909_1920-1-1024x359.jpg\" alt=\"\" class=\"wp-image-6957\" srcset=\"https:\/\/www.nova-trojka.cz\/wp-content\/uploads\/2022\/06\/flag-7048909_1920-1-1024x359.jpg 1024w, https:\/\/www.nova-trojka.cz\/wp-content\/uploads\/2022\/06\/flag-7048909_1920-1-300x105.jpg 300w, https:\/\/www.nova-trojka.cz\/wp-content\/uploads\/2022\/06\/flag-7048909_1920-1-768x269.jpg 768w, https:\/\/www.nova-trojka.cz\/wp-content\/uploads\/2022\/06\/flag-7048909_1920-1-1536x538.jpg 1536w, https:\/\/www.nova-trojka.cz\/wp-content\/uploads\/2022\/06\/flag-7048909_1920-1.jpg 1920w\" sizes=\"auto, (max-width: 1024px) 100vw, 1024px\" \/><\/figure>\n\n\n<h4 style=\"text-align: center;\">Nov\u00e1 Trojka se zapojila do pomoci v\u00e1le\u010dn\u00fdm uprchl\u00edk\u016fm z Ukrajiny.<\/h4>\n<p><strong>Ukrajinsk\u00e9 d\u011bti u n\u00e1s mohou bezplatn\u011b nav\u0161t\u011bvovat:<\/strong><\/p>\n<ul>\n<li>kurzy (n\u011bkter\u00e9 ur\u010den\u00e9 p\u0159\u00edmo jen ukrajinsk\u00fdm d\u011btem)<\/li>\n<li>akce<\/li>\n<li>podp\u016frnou skupinu pro maminky s d\u011btmi<\/li>\n<li>volnou hernu<\/li>\n<\/ul>\n<p><strong>Dal\u0161\u00ed aktivity mohou nav\u0161t\u011bvovat za sn\u00ed\u017een\u00e9 vstupn\u00e9:<\/strong><\/p>\n<ul>\n<li>psychologickou poradnu v rodn\u00e9m jazyce za symbolickou cenu 50 K\u010d<\/li>\n<li>letn\u00ed p\u0159\u00edm\u011bstsk\u00e9 t\u00e1bory &#8211; t\u00fddenn\u00ed turnus 500 K\u010d<\/li>\n<li>pond\u011bln\u00ed \u0161koli\u010dku pro d\u011bti od 2,5 roku &#8211; 200 K\u010d za dopoledne<\/li>\n<\/ul>\n<p><img loading=\"lazy\" decoding=\"async\" class=\"alignnone  wp-image-4192 alignleft\" src=\"https:\/\/www.nova-trojka.cz\/wp-content\/uploads\/2020\/06\/Praha-3-nov\u00e9-300x164.png\" alt=\"\" width=\"116\" height=\"63\" \/><img loading=\"lazy\" decoding=\"async\" class=\"alignnone  wp-image-9488\" src=\"https:\/\/www.nova-trojka.cz\/wp-content\/uploads\/2024\/04\/MV_CMYK-300x82.gif\" alt=\"\" width=\"202\" height=\"55\" \/>\u00a0 \u00a0 <img loading=\"lazy\" decoding=\"async\" class=\"alignnone  wp-image-2800 alignleft\" src=\"https:\/\/www.nova-trojka.cz\/wp-content\/uploads\/2019\/08\/hl.m..png\" alt=\"\" width=\"53\" height=\"54\" srcset=\"https:\/\/www.nova-trojka.cz\/wp-content\/uploads\/2019\/08\/hl.m..png 241w, https:\/\/www.nova-trojka.cz\/wp-content\/uploads\/2019\/08\/hl.m.-150x150.png 150w, https:\/\/www.nova-trojka.cz\/wp-content\/uploads\/2019\/08\/hl.m.-70x70.png 70w, https:\/\/www.nova-trojka.cz\/wp-content\/uploads\/2019\/08\/hl.m.-125x125.png 125w, https:\/\/www.nova-trojka.cz\/wp-content\/uploads\/2019\/08\/hl.m.-211x211.png 211w\" sizes=\"auto, (max-width: 53px) 100vw, 53px\" \/>\u00a0 <a href=\"https:\/\/www.unhcr.org\/\"><img loading=\"lazy\" decoding=\"async\" class=\"alignnone  wp-image-9485\" src=\"https:\/\/www.nova-trojka.cz\/wp-content\/uploads\/2024\/04\/Vertical-blue-281x300.png\" alt=\"\" width=\"59\" height=\"64\" \/><\/a> \u00a0 <img loading=\"lazy\" decoding=\"async\" class=\"alignnone  wp-image-2084 alignleft\" src=\"https:\/\/www.nova-trojka.cz\/wp-content\/uploads\/2019\/08\/mpsv_64.png\" alt=\"\" width=\"54\" height=\"54\" \/> <img loading=\"lazy\" decoding=\"async\" class=\"alignnone  wp-image-9292 alignleft\" src=\"https:\/\/www.nova-trojka.cz\/wp-content\/uploads\/2024\/03\/Logo_MPSV_Rodina_01-Prevedeny-300x292.png\" alt=\"\" width=\"59\" height=\"57\" \/><\/p>\n\n\n<p>Aktivity pro rodiny z\u00a0Ukrajiny prob\u00edhaj\u00ed v\u00a0r\u00e1mci projektu obce \u201eaktivity prob\u00edhaj\u00ed v r\u00e1mci projektu obce &#8222;Praha 3 &#8211; Spole\u010dn\u00e9 sou\u017eit\u00ed 2026&#8220; na podporu integrace dr\u017eitel\u016f do\u010dasn\u00e9 ochrany spolufinancovan\u00fdm Ministerstvem vnitra \u010cR a HMP z &#8222;Programu podpory aktivit integrace cizinc\u016f na \u00fazem\u00ed hl. m. Prahy pro rok 2026&#8220;.<br>Aktivity projektu Bezpe\u010dn\u00fd prostor pro rodinu 2025 jsou podpo\u0159eny z dota\u010dn\u00edho programu &#8222;Rodina&#8220;.<\/p>\n\n\n\n<div class=\"wp-block-cover is-light\"><img loading=\"lazy\" decoding=\"async\" width=\"1280\" height=\"853\" class=\"wp-block-cover__image-background wp-image-11118\" alt=\"\" src=\"https:\/\/www.nova-trojka.cz\/wp-content\/uploads\/2025\/08\/art-2941706_1280.jpg\" data-object-fit=\"cover\" srcset=\"https:\/\/www.nova-trojka.cz\/wp-content\/uploads\/2025\/08\/art-2941706_1280.jpg 1280w, https:\/\/www.nova-trojka.cz\/wp-content\/uploads\/2025\/08\/art-2941706_1280-300x200.jpg 300w, https:\/\/www.nova-trojka.cz\/wp-content\/uploads\/2025\/08\/art-2941706_1280-1024x682.jpg 1024w, https:\/\/www.nova-trojka.cz\/wp-content\/uploads\/2025\/08\/art-2941706_1280-768x512.jpg 768w\" sizes=\"auto, (max-width: 1280px) 100vw, 1280px\" \/><span aria-hidden=\"true\" class=\"wp-block-cover__background has-background-dim\" style=\"background-color:#d4a378\"><\/span><div class=\"wp-block-cover__inner-container is-layout-flow wp-block-cover-is-layout-flow\">\n<p class=\"has-text-align-center has-large-font-size\">Podpora neform\u00e1ln\u00edho vzd\u011bl\u00e1v\u00e1n\u00ed:<\/p>\n<\/div><\/div>\n\n\n<p>Ministerstvo \u0161kolstv\u00ed, ml\u00e1de\u017ee a t\u011blov\u00fdchovy jako poskytovatel dotace z Opera\u010dn\u00edho projektu Jan Amos Komenstk\u00fd podpo\u0159ilo projekt \u0160ablony Nov\u00e1 Trojka, Praha 3, registra\u010dn\u00ed \u010d\u00edslo: CZ.02.02.XX\/00\/24_031\/0008834.\u00a0<\/p>\n<p>C\u00edlem projektu je rozvoj kvalitn\u00edho a inkluzivn\u00edho neform\u00e1ln\u00edho vzd\u011bl\u00e1v\u00e1n\u00ed pro d\u011bti a ml\u00e1de\u017e a propojov\u00e1n\u00ed form\u00e1ln\u00edho a neform\u00e1ln\u00edho vzd\u011bl\u00e1v\u00e1n\u00ed, a to prost\u0159ednictv\u00edm vzd\u011bl\u00e1v\u00e1n\u00ed pracovn\u00edk\u016f a dobrovoln\u00edk\u016f, jejich spolupr\u00e1ce v neform\u00e1ln\u00edm vzd\u011bl\u00e1v\u00e1n\u00ed a prost\u0159ednictv\u00edm inovativn\u00edho vzd\u011bl\u00e1v\u00e1n\u00ed d\u011bt\u00ed a ml\u00e1de\u017ee v neform\u00e1ln\u00edm vzd\u011bl\u00e1v\u00e1n\u00ed.<\/p>\n<p><strong>D\u00edky t\u00e9to podpo\u0159e u n\u00e1s mohou d\u011bti bezplatn\u011b nav\u0161t\u011bvovat inovativn\u00ed kurzy:<\/strong><\/p>\n<ul>\n<li style=\"list-style-type: none\">\n<ul>\n<li><a href=\"https:\/\/nova-trojka.webooker.eu\/flutter\/#\/courses\/semester\/22370\/course\/138080\/tab\/course-info\">Architekt junior<\/a><\/li>\n<\/ul>\n<\/li>\n<\/ul>\n<p>\u00a0 \u00a0 <img loading=\"lazy\" decoding=\"async\" class=\"alignnone size-medium wp-image-9820\" src=\"https:\/\/www.nova-trojka.cz\/wp-content\/uploads\/2024\/08\/EUMSMT-Barevne-RGB-300x43.jpg\" alt=\"\" width=\"300\" height=\"43\" srcset=\"https:\/\/www.nova-trojka.cz\/wp-content\/uploads\/2024\/08\/EUMSMT-Barevne-RGB-300x43.jpg 300w, https:\/\/www.nova-trojka.cz\/wp-content\/uploads\/2024\/08\/EUMSMT-Barevne-RGB-1024x146.jpg 1024w, https:\/\/www.nova-trojka.cz\/wp-content\/uploads\/2024\/08\/EUMSMT-Barevne-RGB-768x110.jpg 768w, https:\/\/www.nova-trojka.cz\/wp-content\/uploads\/2024\/08\/EUMSMT-Barevne-RGB-1536x219.jpg 1536w, https:\/\/www.nova-trojka.cz\/wp-content\/uploads\/2024\/08\/EUMSMT-Barevne-RGB-2048x292.jpg 2048w\" sizes=\"auto, (max-width: 300px) 100vw, 300px\" \/>\u00a0\u00a0 \u00a0<\/p>\n\n\n<div class=\"wp-block-cover\"><img loading=\"lazy\" decoding=\"async\" width=\"1920\" height=\"1033\" class=\"wp-block-cover__image-background wp-image-1117\" alt=\"\" src=\"https:\/\/www.nova-trojka.cz\/wp-content\/uploads\/2019\/06\/heart-1947624_1920.jpg\" data-object-fit=\"cover\" srcset=\"https:\/\/www.nova-trojka.cz\/wp-content\/uploads\/2019\/06\/heart-1947624_1920.jpg 1920w, https:\/\/www.nova-trojka.cz\/wp-content\/uploads\/2019\/06\/heart-1947624_1920-300x161.jpg 300w, https:\/\/www.nova-trojka.cz\/wp-content\/uploads\/2019\/06\/heart-1947624_1920-768x413.jpg 768w, https:\/\/www.nova-trojka.cz\/wp-content\/uploads\/2019\/06\/heart-1947624_1920-1024x551.jpg 1024w\" sizes=\"auto, (max-width: 1920px) 100vw, 1920px\" \/><span aria-hidden=\"true\" class=\"wp-block-cover__background has-background-dim\"><\/span><div class=\"wp-block-cover__inner-container is-layout-flow wp-block-cover-is-layout-flow\">\n<p class=\"has-text-align-center has-large-font-size\">Spolupracujeme:<\/p>\n<\/div><\/div>\n\n\n\n<ul class=\"wp-block-list\">\n<li>soci\u00e1ln\u00ed odbor M\u010c Praha3<\/li>\n\n\n\n<li>OSPOD Praha 3<\/li>\n\n\n\n<li>n\u00edzkoprahov\u00fd klub <a aria-label=\"Bezt\u00ed\u017ee (otev\u0159e se na nov\u00e9 z\u00e1lo\u017ece)\" href=\"https:\/\/beztize.ulita.cz\/\" target=\"_blank\" rel=\"noreferrer noopener\">Bezt\u00ed\u017ee<\/a><\/li>\n\n\n\n<li><a href=\"https:\/\/npkhusita.husitskecentrum.cz\/\" target=\"_blank\" rel=\"noreferrer noopener\">Husita<\/a> &#8211; n\u00edzkoprahov\u00fd klub<\/li>\n\n\n\n<li>n\u00edzkoprahov\u00fd klub <a aria-label=\"R-Mosty (otev\u0159e se na nov\u00e9 z\u00e1lo\u017ece)\" href=\"http:\/\/www.r-mosty.cz\/\" target=\"_blank\" rel=\"noreferrer noopener\">R-Mosty<\/a><\/li>\n\n\n\n<li><a href=\"https:\/\/jeziskovavnoucata.rozhlas.cz\/\">Je\u017e\u00ed\u0161kova vnou\u010data<\/a><\/li>\n\n\n\n<li><a href=\"https:\/\/www.nedoklubko.cz\/\">Nedoklubko<\/a>, organizace podporuj\u00edc\u00ed rodi\u010de nedono\u0161en\u00fdch d\u011bt\u00ed<\/li>\n\n\n\n<li><a href=\"https:\/\/www.fokus-praha.cz\/\">Fokus<\/a>, poskytujeme tr\u00e9ninkov\u00e9 m\u00edsto pro klienty s psychick\u00fdmi probl\u00e9my<\/li>\n\n\n\n<li><a href=\"https:\/\/www.iczahrada.cz\/\">Integra\u010dn\u00ed centrum Zahrada<\/a><\/li>\n\n\n\n<li><a href=\"https:\/\/mapa.fandimat.cz\/\">Fandimat<\/a><\/li>\n\n\n\n<li><a href=\"https:\/\/www.csspraha.cz\/\">Centrum soci\u00e1ln\u00edch slu\u017eeb Praha<\/a><\/li>\n<\/ul>\n","protected":false},"excerpt":{"rendered":"<p>Soci\u00e1ln\u00ed aktivity v Nov\u00e9 Trojce zahrnuj\u00ed podporu soci\u00e1ln\u011b ohro\u017een\u00fdch rodin, p\u011bstoun\u016f i jednotlivc\u016f \u010di rodin, kter\u00e9 se ocitly ve slo\u017eit\u00e9 &hellip; <\/p>\n","protected":false},"author":2,"featured_media":0,"parent":0,"menu_order":4,"comment_status":"closed","ping_status":"closed","template":"","meta":{"footnotes":""},"class_list":["post-692","page","type-page","status-publish","hentry","latest_post"],"yoast_head":"<!-- This site is optimized with the Yoast SEO plugin v27.5 - https:\/\/yoast.com\/product\/yoast-seo-wordpress\/ -->\n<title>Soci\u00e1ln\u00ed aktivity - Rodinn\u00e9 centrum Nov\u00e1 Trojka<\/title>\n<meta name=\"description\" content=\"Soci\u00e1ln\u00ed aktivity zahrnuj\u00ed podporu soci\u00e1ln\u011b ohro\u017een\u00fdch rodin, p\u011bstoun\u016f i jednotlivc\u016f \u010di rodin, kter\u00e9 se ocitly ve slo\u017eit\u00e9 \u017eivotn\u00ed situaci.\" \/>\n<meta name=\"robots\" content=\"index, follow, max-snippet:-1, max-image-preview:large, max-video-preview:-1\" \/>\n<link rel=\"canonical\" href=\"https:\/\/www.nova-trojka.cz\/index.php\/socialni-aktivity\/\" \/>\n<meta property=\"og:locale\" content=\"cs_CZ\" \/>\n<meta property=\"og:type\" content=\"article\" \/>\n<meta property=\"og:title\" content=\"Soci\u00e1ln\u00ed aktivity - Rodinn\u00e9 centrum Nov\u00e1 Trojka\" \/>\n<meta property=\"og:description\" content=\"Soci\u00e1ln\u00ed aktivity zahrnuj\u00ed podporu soci\u00e1ln\u011b ohro\u017een\u00fdch rodin, p\u011bstoun\u016f i jednotlivc\u016f \u010di rodin, kter\u00e9 se ocitly ve slo\u017eit\u00e9 \u017eivotn\u00ed situaci.\" \/>\n<meta property=\"og:url\" content=\"https:\/\/www.nova-trojka.cz\/index.php\/socialni-aktivity\/\" \/>\n<meta property=\"og:site_name\" content=\"Rodinn\u00e9 centrum Nov\u00e1 Trojka\" \/>\n<meta property=\"article:publisher\" content=\"https:\/\/www.facebook.com\/novatrojka\/\" \/>\n<meta property=\"article:modified_time\" content=\"2026-03-02T09:06:39+00:00\" \/>\n<meta property=\"og:image\" content=\"http:\/\/www.nova-trojka.cz\/wp-content\/uploads\/2019\/06\/IMG_20190518_140439.jpg\" \/>\n<meta name=\"twitter:card\" content=\"summary_large_image\" \/>\n<meta name=\"twitter:label1\" content=\"Odhadovan\u00e1 doba \u010dten\u00ed\" \/>\n\t<meta name=\"twitter:data1\" content=\"5 minut\" \/>\n<script type=\"application\/ld+json\" class=\"yoast-schema-graph\">{\"@context\":\"https:\\\/\\\/schema.org\",\"@graph\":[{\"@type\":\"WebPage\",\"@id\":\"https:\\\/\\\/www.nova-trojka.cz\\\/index.php\\\/socialni-aktivity\\\/\",\"url\":\"https:\\\/\\\/www.nova-trojka.cz\\\/index.php\\\/socialni-aktivity\\\/\",\"name\":\"Soci\u00e1ln\u00ed aktivity - Rodinn\u00e9 centrum Nov\u00e1 Trojka\",\"isPartOf\":{\"@id\":\"https:\\\/\\\/www.nova-trojka.cz\\\/#website\"},\"primaryImageOfPage\":{\"@id\":\"https:\\\/\\\/www.nova-trojka.cz\\\/index.php\\\/socialni-aktivity\\\/#primaryimage\"},\"image\":{\"@id\":\"https:\\\/\\\/www.nova-trojka.cz\\\/index.php\\\/socialni-aktivity\\\/#primaryimage\"},\"thumbnailUrl\":\"http:\\\/\\\/www.nova-trojka.cz\\\/wp-content\\\/uploads\\\/2019\\\/06\\\/IMG_20190518_140439.jpg\",\"datePublished\":\"2019-05-19T21:01:28+00:00\",\"dateModified\":\"2026-03-02T09:06:39+00:00\",\"description\":\"Soci\u00e1ln\u00ed aktivity zahrnuj\u00ed podporu soci\u00e1ln\u011b ohro\u017een\u00fdch rodin, p\u011bstoun\u016f i jednotlivc\u016f \u010di rodin, kter\u00e9 se ocitly ve slo\u017eit\u00e9 \u017eivotn\u00ed situaci.\",\"breadcrumb\":{\"@id\":\"https:\\\/\\\/www.nova-trojka.cz\\\/index.php\\\/socialni-aktivity\\\/#breadcrumb\"},\"inLanguage\":\"cs\",\"potentialAction\":[{\"@type\":\"ReadAction\",\"target\":[\"https:\\\/\\\/www.nova-trojka.cz\\\/index.php\\\/socialni-aktivity\\\/\"]}]},{\"@type\":\"ImageObject\",\"inLanguage\":\"cs\",\"@id\":\"https:\\\/\\\/www.nova-trojka.cz\\\/index.php\\\/socialni-aktivity\\\/#primaryimage\",\"url\":\"http:\\\/\\\/www.nova-trojka.cz\\\/wp-content\\\/uploads\\\/2019\\\/06\\\/IMG_20190518_140439.jpg\",\"contentUrl\":\"http:\\\/\\\/www.nova-trojka.cz\\\/wp-content\\\/uploads\\\/2019\\\/06\\\/IMG_20190518_140439.jpg\"},{\"@type\":\"BreadcrumbList\",\"@id\":\"https:\\\/\\\/www.nova-trojka.cz\\\/index.php\\\/socialni-aktivity\\\/#breadcrumb\",\"itemListElement\":[{\"@type\":\"ListItem\",\"position\":1,\"name\":\"Dom\u016f\",\"item\":\"https:\\\/\\\/www.nova-trojka.cz\\\/\"},{\"@type\":\"ListItem\",\"position\":2,\"name\":\"Soci\u00e1ln\u00ed aktivity\"}]},{\"@type\":\"WebSite\",\"@id\":\"https:\\\/\\\/www.nova-trojka.cz\\\/#website\",\"url\":\"https:\\\/\\\/www.nova-trojka.cz\\\/\",\"name\":\"Nov\u00e1 Trojka\",\"description\":\"Rodinn\u00e9 a kulturn\u00ed centrum Nov\u00e1 Trojka nab\u00edz\u00ed p\u0159\u00e1telsk\u00fd, bezpe\u010dn\u00fd a inspirativn\u00ed prostor pro celou rodinu.\",\"publisher\":{\"@id\":\"https:\\\/\\\/www.nova-trojka.cz\\\/#organization\"},\"potentialAction\":[{\"@type\":\"SearchAction\",\"target\":{\"@type\":\"EntryPoint\",\"urlTemplate\":\"https:\\\/\\\/www.nova-trojka.cz\\\/?s={search_term_string}\"},\"query-input\":{\"@type\":\"PropertyValueSpecification\",\"valueRequired\":true,\"valueName\":\"search_term_string\"}}],\"inLanguage\":\"cs\"},{\"@type\":\"Organization\",\"@id\":\"https:\\\/\\\/www.nova-trojka.cz\\\/#organization\",\"name\":\"NOV\u00c1 TROJKA, z.s.\",\"url\":\"https:\\\/\\\/www.nova-trojka.cz\\\/\",\"logo\":{\"@type\":\"ImageObject\",\"inLanguage\":\"cs\",\"@id\":\"https:\\\/\\\/www.nova-trojka.cz\\\/#\\\/schema\\\/logo\\\/image\\\/\",\"url\":\"https:\\\/\\\/www.nova-trojka.cz\\\/wp-content\\\/uploads\\\/2019\\\/05\\\/logotypN3.png\",\"contentUrl\":\"https:\\\/\\\/www.nova-trojka.cz\\\/wp-content\\\/uploads\\\/2019\\\/05\\\/logotypN3.png\",\"width\":640,\"height\":480,\"caption\":\"NOV\u00c1 TROJKA, z.s.\"},\"image\":{\"@id\":\"https:\\\/\\\/www.nova-trojka.cz\\\/#\\\/schema\\\/logo\\\/image\\\/\"},\"sameAs\":[\"https:\\\/\\\/www.facebook.com\\\/novatrojka\\\/\",\"https:\\\/\\\/www.instagram.com\\\/novatrojka\\\/\"]}]}<\/script>\n<!-- \/ Yoast SEO plugin. -->","yoast_head_json":{"title":"Soci\u00e1ln\u00ed aktivity - Rodinn\u00e9 centrum Nov\u00e1 Trojka","description":"Soci\u00e1ln\u00ed aktivity zahrnuj\u00ed podporu soci\u00e1ln\u011b ohro\u017een\u00fdch rodin, p\u011bstoun\u016f i jednotlivc\u016f \u010di rodin, kter\u00e9 se ocitly ve slo\u017eit\u00e9 \u017eivotn\u00ed situaci.","robots":{"index":"index","follow":"follow","max-snippet":"max-snippet:-1","max-image-preview":"max-image-preview:large","max-video-preview":"max-video-preview:-1"},"canonical":"https:\/\/www.nova-trojka.cz\/index.php\/socialni-aktivity\/","og_locale":"cs_CZ","og_type":"article","og_title":"Soci\u00e1ln\u00ed aktivity - Rodinn\u00e9 centrum Nov\u00e1 Trojka","og_description":"Soci\u00e1ln\u00ed aktivity zahrnuj\u00ed podporu soci\u00e1ln\u011b ohro\u017een\u00fdch rodin, p\u011bstoun\u016f i jednotlivc\u016f \u010di rodin, kter\u00e9 se ocitly ve slo\u017eit\u00e9 \u017eivotn\u00ed situaci.","og_url":"https:\/\/www.nova-trojka.cz\/index.php\/socialni-aktivity\/","og_site_name":"Rodinn\u00e9 centrum Nov\u00e1 Trojka","article_publisher":"https:\/\/www.facebook.com\/novatrojka\/","article_modified_time":"2026-03-02T09:06:39+00:00","og_image":[{"url":"http:\/\/www.nova-trojka.cz\/wp-content\/uploads\/2019\/06\/IMG_20190518_140439.jpg","type":"","width":"","height":""}],"twitter_card":"summary_large_image","twitter_misc":{"Odhadovan\u00e1 doba \u010dten\u00ed":"5 minut"},"schema":{"@context":"https:\/\/schema.org","@graph":[{"@type":"WebPage","@id":"https:\/\/www.nova-trojka.cz\/index.php\/socialni-aktivity\/","url":"https:\/\/www.nova-trojka.cz\/index.php\/socialni-aktivity\/","name":"Soci\u00e1ln\u00ed aktivity - Rodinn\u00e9 centrum Nov\u00e1 Trojka","isPartOf":{"@id":"https:\/\/www.nova-trojka.cz\/#website"},"primaryImageOfPage":{"@id":"https:\/\/www.nova-trojka.cz\/index.php\/socialni-aktivity\/#primaryimage"},"image":{"@id":"https:\/\/www.nova-trojka.cz\/index.php\/socialni-aktivity\/#primaryimage"},"thumbnailUrl":"http:\/\/www.nova-trojka.cz\/wp-content\/uploads\/2019\/06\/IMG_20190518_140439.jpg","datePublished":"2019-05-19T21:01:28+00:00","dateModified":"2026-03-02T09:06:39+00:00","description":"Soci\u00e1ln\u00ed aktivity zahrnuj\u00ed podporu soci\u00e1ln\u011b ohro\u017een\u00fdch rodin, p\u011bstoun\u016f i jednotlivc\u016f \u010di rodin, kter\u00e9 se ocitly ve slo\u017eit\u00e9 \u017eivotn\u00ed situaci.","breadcrumb":{"@id":"https:\/\/www.nova-trojka.cz\/index.php\/socialni-aktivity\/#breadcrumb"},"inLanguage":"cs","potentialAction":[{"@type":"ReadAction","target":["https:\/\/www.nova-trojka.cz\/index.php\/socialni-aktivity\/"]}]},{"@type":"ImageObject","inLanguage":"cs","@id":"https:\/\/www.nova-trojka.cz\/index.php\/socialni-aktivity\/#primaryimage","url":"http:\/\/www.nova-trojka.cz\/wp-content\/uploads\/2019\/06\/IMG_20190518_140439.jpg","contentUrl":"http:\/\/www.nova-trojka.cz\/wp-content\/uploads\/2019\/06\/IMG_20190518_140439.jpg"},{"@type":"BreadcrumbList","@id":"https:\/\/www.nova-trojka.cz\/index.php\/socialni-aktivity\/#breadcrumb","itemListElement":[{"@type":"ListItem","position":1,"name":"Dom\u016f","item":"https:\/\/www.nova-trojka.cz\/"},{"@type":"ListItem","position":2,"name":"Soci\u00e1ln\u00ed aktivity"}]},{"@type":"WebSite","@id":"https:\/\/www.nova-trojka.cz\/#website","url":"https:\/\/www.nova-trojka.cz\/","name":"Nov\u00e1 Trojka","description":"Rodinn\u00e9 a kulturn\u00ed centrum Nov\u00e1 Trojka nab\u00edz\u00ed p\u0159\u00e1telsk\u00fd, bezpe\u010dn\u00fd a inspirativn\u00ed prostor pro celou rodinu.","publisher":{"@id":"https:\/\/www.nova-trojka.cz\/#organization"},"potentialAction":[{"@type":"SearchAction","target":{"@type":"EntryPoint","urlTemplate":"https:\/\/www.nova-trojka.cz\/?s={search_term_string}"},"query-input":{"@type":"PropertyValueSpecification","valueRequired":true,"valueName":"search_term_string"}}],"inLanguage":"cs"},{"@type":"Organization","@id":"https:\/\/www.nova-trojka.cz\/#organization","name":"NOV\u00c1 TROJKA, z.s.","url":"https:\/\/www.nova-trojka.cz\/","logo":{"@type":"ImageObject","inLanguage":"cs","@id":"https:\/\/www.nova-trojka.cz\/#\/schema\/logo\/image\/","url":"https:\/\/www.nova-trojka.cz\/wp-content\/uploads\/2019\/05\/logotypN3.png","contentUrl":"https:\/\/www.nova-trojka.cz\/wp-content\/uploads\/2019\/05\/logotypN3.png","width":640,"height":480,"caption":"NOV\u00c1 TROJKA, z.s."},"image":{"@id":"https:\/\/www.nova-trojka.cz\/#\/schema\/logo\/image\/"},"sameAs":["https:\/\/www.facebook.com\/novatrojka\/","https:\/\/www.instagram.com\/novatrojka\/"]}]}},"_links":{"self":[{"href":"https:\/\/www.nova-trojka.cz\/index.php\/wp-json\/wp\/v2\/pages\/692","targetHints":{"allow":["GET"]}}],"collection":[{"href":"https:\/\/www.nova-trojka.cz\/index.php\/wp-json\/wp\/v2\/pages"}],"about":[{"href":"https:\/\/www.nova-trojka.cz\/index.php\/wp-json\/wp\/v2\/types\/page"}],"author":[{"embeddable":true,"href":"https:\/\/www.nova-trojka.cz\/index.php\/wp-json\/wp\/v2\/users\/2"}],"replies":[{"embeddable":true,"href":"https:\/\/www.nova-trojka.cz\/index.php\/wp-json\/wp\/v2\/comments?post=692"}],"version-history":[{"count":86,"href":"https:\/\/www.nova-trojka.cz\/index.php\/wp-json\/wp\/v2\/pages\/692\/revisions"}],"predecessor-version":[{"id":11916,"href":"https:\/\/www.nova-trojka.cz\/index.php\/wp-json\/wp\/v2\/pages\/692\/revisions\/11916"}],"wp:attachment":[{"href":"https:\/\/www.nova-trojka.cz\/index.php\/wp-json\/wp\/v2\/media?parent=692"}],"curies":[{"name":"wp","href":"https:\/\/api.w.org\/{rel}","templated":true}]}}