{"id":4831,"date":"2021-01-26T08:55:46","date_gmt":"2021-01-26T07:55:46","guid":{"rendered":"http:\/\/www.nova-trojka.cz\/?page_id=4831"},"modified":"2021-07-29T10:59:59","modified_gmt":"2021-07-29T08:59:59","slug":"nejcastejsi-myty-o-kojeni","status":"publish","type":"page","link":"https:\/\/www.nova-trojka.cz\/index.php\/poradenstvi\/nejcastejsi-myty-o-kojeni\/","title":{"rendered":"Nej\u010dast\u011bj\u0161\u00ed m\u00fdty o kojen\u00ed."},"content":{"rendered":"\n<p>Jestli\u017ee m\u00e1te mal\u00e9 miminko jist\u011b jste ji\u017e \u010detla nebo sly\u0161ela n\u011bjak\u00e9 dob\u0159e m\u00edn\u011bn\u00e9 rady \u010di m\u00fdty o kojen\u00ed. My se na n\u011bkter\u00e9 z nich nyn\u00ed pod\u00edv\u00e1me.<\/p>\n\n\n\n<h5 class=\"wp-block-heading\"><strong>Kojen\u00ed v \u010dasov\u00fdch intervalech<\/strong> &#8211;<strong> je pot\u0159eba kojit ka\u017ed\u00e9 2-3 hodiny<\/strong><\/h5>\n\n\n\n<p>S t\u00edmto doporu\u010den\u00edm se pravd\u011bpodobn\u011b setk\u00e1te u\u017e v porodnici. Ani my dosp\u011bl\u00ed samoz\u0159ejm\u011b nej\u00edme v p\u0159esn\u00fdch \u010dasov\u00fdch intervalech. Stejn\u011b tak novorozenec m\u00e1 pr\u00e1vo projevit z\u00e1jem o ml\u00e9ko d\u0159\u00edve ne\u017e po dvou nebo t\u0159ech hodin\u00e1ch. Tvorba mate\u0159sk\u00e9ho ml\u00e9ka nav\u00edc funguje na z\u00e1klad\u011b syst\u00e9mu \u201cnab\u00eddka &#8211; popt\u00e1vka\u201d. Kojen\u00ed podle pot\u0159eby miminka je nejlep\u0161\u00ed zp\u016fsob, jak zajistit, aby d\u00edt\u011b vypilo ml\u00e9ka pr\u00e1v\u011b takov\u00e9 mno\u017estv\u00ed, jak\u00e9 pot\u0159ebuje. M\u00e1te-li zdrav\u00e9 d\u011b\u0165\u00e1tko, kter\u00e9 dob\u0159e prosp\u00edv\u00e1, nemus\u00edte jej zbyte\u010dn\u011b budit na dal\u0161\u00ed kojen\u00ed jen proto, \u017ee uplynuly dv\u011b nebo t\u0159i hodiny. <\/p>\n\n\n\n<h5 class=\"wp-block-heading\"><strong>Zadn\u00ed ml\u00e9ko, p\u0159edn\u00ed ml\u00e9ko<\/strong><\/h5>\n\n\n\n<p>P\u0159edstava, \u017ee prsa koj\u00edc\u00ed matky disponuj\u00ed \u0161upl\u00ed\u010dky, z nich\u017e v prvn\u00edm se tvo\u0159\u00ed p\u0159edn\u00ed ml\u00e9ko a v druh\u00e9m zadn\u00ed, mi v\u017edy p\u0159ijde velmi \u00fasm\u011bvn\u00e1. Pravdou je, \u017ee nic takov\u00e9ho jako zadn\u00ed ml\u00e9ko neexistuje. Mate\u0159sk\u00e9 ml\u00e9ko m\u011bn\u00ed sv\u00e9 slo\u017een\u00ed v pr\u016fb\u011bhu dne, dle vn\u011bj\u0161\u00ed teploty nebo teploty va\u0161eho d\u00edt\u011bte. A i b\u011bhem samotn\u00e9ho kojen\u00ed.\u00a0 Jeho skladba bude v\u017edy optim\u00e1ln\u00ed pr\u00e1v\u011b pro va\u0161e d\u00edt\u011b. Nelamte si tedy hlavu t\u00edm, zda va\u0161e d\u011b\u0165\u00e1tko vypije dostatek zadn\u00edho ml\u00e9ka. Koj\u00edte-li dle pot\u0159eby, d\u00edt\u011b si vezme to, co pot\u0159ebuje. <\/p>\n\n\n\n<h5 class=\"wp-block-heading\"><strong>D\u00e9lka kojen\u00ed<\/strong><\/h5>\n\n\n\n<p>N\u011bkdy se setk\u00e1v\u00e1me s doporu\u010den\u00edm: Kojte z jednoho prsu maxim\u00e1ln\u011b 5-10 minut, z druh\u00e9ho 5-10 minut\u2026.jinak si zni\u010d\u00edte prsa, &#8230;ml\u00e9ko se pom\u00edch\u00e1, \u2026.v prsou se nem\u016f\u017ee tvo\u0159it dal\u0161\u00ed ml\u00e9ko, &#8230;d\u00edt\u011b u\u017e stejn\u011b nepije, &#8230;navykne b\u00fdt st\u00e1le na prsu\u2026<\/p>\n\n\n\n<p>I zde v\u0161ak plat\u00ed doporu\u010den\u00e1 z\u00e1sada kojen\u00ed dle pot\u0159eby. Novorozenec, kter\u00fd se koj\u00ed d\u00e9le, nen\u00ed \u017e\u00e1dnou v\u00fdjimkou. Je li miminko u prsu st\u00e1le aktivn\u00ed a pije, nen\u00ed pot\u0159eba jej nijak omezovat. Opa\u010dnou p\u0159edstavou je takzvan\u011b d\u00edt\u011b odpadl\u00e9 od prsu &#8211; jen d\u00edt\u011b, kter\u00e9 se samo pust\u00ed, je najeden\u00e9. D\u011bti ov\u0161em krom\u011b pot\u0159eby zasycen\u00ed, maj\u00ed i sac\u00ed pot\u0159ebu a n\u011bkter\u00e9 se prost\u011b nepust\u00ed. Reagujte tedy na pot\u0159eby sv\u00e9ho d\u00edt\u011bte. Pokud u\u017e miminko na prsu v\u00edcem\u00e9n\u011b nesaje a jen ob\u010das \u201cpodud\u00e1v\u00e1\u201d, m\u016f\u017eete jej pomoc\u00ed mal\u00ed\u010dku vlo\u017een\u00e9ho do koutku \u00fast jemn\u011b z prsu sundat. Pokud je spokojen\u00e9 nebo spink\u00e1, je evidentn\u011b v\u0161e v po\u0159\u00e1dku. Za\u010dne-li protestovat, m\u016f\u017eete nab\u00eddnout druh\u00fd prs. Kojen\u00edm si samoz\u0159ejm\u011b d\u00edt\u011b m\u016f\u017ee napl\u0148ovat i dal\u0161\u00ed pot\u0159eby &#8211; zm\u00edn\u011bnou pot\u0159ebu s\u00e1n\u00ed, pot\u0159ebu t\u011blesn\u00e9ho kontaktu, m\u016f\u017ee se mu u kojen\u00ed dob\u0159e us\u00ednat&#8230;<\/p>\n\n\n\n<h5 class=\"wp-block-heading\"><strong>Nic neodst\u0159\u00edk\u00e1m &#8211; nem\u00e1m ml\u00e9ko?<\/strong><\/h5>\n\n\n\n<p>Maminky, kter\u00e9 zkus\u00ed mate\u0159sk\u00e9 ml\u00e9ko ods\u00e1t pomoc\u00ed ods\u00e1va\u010dky, mohou b\u00fdt zna\u010dn\u011b znepokojen\u00e9, pokud zjist\u00ed, \u017ee odst\u0159\u00edkaj\u00ed pouze mal\u00e9 mno\u017estv\u00ed ml\u00e9ka. Ve skute\u010dnosti mno\u017estv\u00ed odst\u0159\u00edkan\u00e9ho ml\u00e9ka v\u016fbec nesv\u011bd\u010d\u00ed o mno\u017estv\u00ed ml\u00e9ka, kter\u00e9 se v\u00e1m pro pot\u0159eby va\u0161eho miminka tvo\u0159\u00ed. Kojenec bude v\u017edy ta nejdokonalej\u0161\u00ed ods\u00e1va\u010dka na sv\u011bt\u011b a pokud je d\u00edt\u011b spokojen\u00e9, prosp\u00edv\u00e1 a m\u00e1 dostatek po\u010d\u016fran\u00fdch pl\u00ednek, je to nejlep\u0161\u00ed d\u016fkaz toho, \u017ee m\u00e1te ml\u00e9ka dostatek. Stejn\u011b tak v\u00e1s nemus\u00ed znepokojovat, pokud se v\u00e1m u\u017e prsa nenal\u00e9vaj\u00ed tolik, jako tomu bylo na za\u010d\u00e1tku \u0161estined\u011bl\u00ed. <\/p>\n\n\n\n<h5 class=\"wp-block-heading\"><strong>Kojen\u00ed a kontakt na po\u017e\u00e1d\u00e1n\u00ed znamen\u00e1, \u017ee rozmazluji sv\u00e9 d\u00edt\u011b<\/strong><\/h5>\n\n\n\n<p>Novorozenec je ve sv\u00fdch pot\u0159eb\u00e1ch zcela odk\u00e1z\u00e1n na reakci pe\u010duj\u00edc\u00ed osoby. Nem\u00e1 \u017e\u00e1dn\u00fd jin\u00fd komunika\u010dn\u00ed prost\u0159edek ne\u017e schopnost projevovat svou nespokojenost neklidem, grimasou, zvuky a samoz\u0159ejm\u011b pl\u00e1\u010dem. T\u011blesn\u00e1 bl\u00edzkost matky nebo otce umo\u017e\u0148uje d\u00edt\u011bti za\u017e\u00edvat maxim\u00e1ln\u00ed pocit jistoty a bezpe\u010d\u00ed. Je zcela na m\u00edst\u011b, kdy\u017e se sna\u017e\u00edte na pot\u0159eby miminka reagovat, tvo\u0159\u00edte mu t\u00edm pozitivn\u00ed obraz o sv\u011bt\u011b, do kter\u00e9ho se narodilo. Na bl\u00edzkost sv\u00e9 matky si d\u00edt\u011b zvykalo u\u017e cel\u00fdch 9 m\u011bs\u00edc\u016f v jej\u00edm l\u016fn\u011b, tak\u017ee p\u0159edstava, \u017ee d\u00edt\u011b mazlen\u00edm, no\u0161en\u00edm, chov\u00e1n\u00edm a napl\u0148ov\u00e1n\u00ed jeho pot\u0159eb rozmazlujeme, nen\u00ed opodstatn\u011bn\u00e1. T\u011blesn\u00fd kontakt nav\u00edc maxim\u00e1ln\u011b podporuje laktaci a je tak spole\u010dn\u011b s kojen\u00edm na po\u017e\u00e1d\u00e1n\u00ed nejlep\u0161\u00ed cestou k tomu, aby v\u0161e fungovalo tak, jak m\u00e1. <\/p>\n\n\n\n<p><a href=\"https:\/\/www.nova-trojka.cz\/index.php\/o-nas\/lektori-a-poradci\/#pithartova\">Marika Pithartov\u00e1, odborn\u00e1 poradkyn\u011b Nov\u00e9 Trojky<\/a><\/p>\n","protected":false},"excerpt":{"rendered":"<p>Jestli\u017ee m\u00e1te mal\u00e9 miminko jist\u011b jste ji\u017e \u010detla nebo sly\u0161ela n\u011bjak\u00e9 dob\u0159e m\u00edn\u011bn\u00e9 rady \u010di m\u00fdty o kojen\u00ed. My se &hellip; <\/p>\n","protected":false},"author":1,"featured_media":0,"parent":1341,"menu_order":0,"comment_status":"closed","ping_status":"closed","template":"","meta":{"footnotes":""},"class_list":["post-4831","page","type-page","status-publish","hentry","latest_post"],"yoast_head":"<!-- This site is optimized with the Yoast SEO plugin v27.5 - https:\/\/yoast.com\/product\/yoast-seo-wordpress\/ -->\n<title>Nej\u010dast\u011bj\u0161\u00ed m\u00fdty o kojen\u00ed. - Rodinn\u00e9 centrum Nov\u00e1 Trojka<\/title>\n<meta name=\"description\" content=\"Rad\u00ed V\u00e1m okol\u00ed jak \u010dasto a jak dlouho kojit? P\u0159e\u010dt\u011bte si jak\u00e9 jsou nej\u010dast\u011bj\u0161\u00ed m\u00fdty o kojen\u00ed a jak\u00e1 je realita.\" \/>\n<meta name=\"robots\" content=\"index, follow, max-snippet:-1, max-image-preview:large, max-video-preview:-1\" \/>\n<link rel=\"canonical\" href=\"https:\/\/www.nova-trojka.cz\/index.php\/poradenstvi\/nejcastejsi-myty-o-kojeni\/\" \/>\n<meta property=\"og:locale\" content=\"cs_CZ\" \/>\n<meta property=\"og:type\" content=\"article\" \/>\n<meta property=\"og:title\" content=\"Nej\u010dast\u011bj\u0161\u00ed m\u00fdty o kojen\u00ed. - Rodinn\u00e9 centrum Nov\u00e1 Trojka\" \/>\n<meta property=\"og:description\" content=\"Rad\u00ed V\u00e1m okol\u00ed jak \u010dasto a jak dlouho kojit? P\u0159e\u010dt\u011bte si jak\u00e9 jsou nej\u010dast\u011bj\u0161\u00ed m\u00fdty o kojen\u00ed a jak\u00e1 je realita.\" \/>\n<meta property=\"og:url\" content=\"https:\/\/www.nova-trojka.cz\/index.php\/poradenstvi\/nejcastejsi-myty-o-kojeni\/\" \/>\n<meta property=\"og:site_name\" content=\"Rodinn\u00e9 centrum Nov\u00e1 Trojka\" \/>\n<meta property=\"article:publisher\" content=\"https:\/\/www.facebook.com\/novatrojka\/\" \/>\n<meta property=\"article:modified_time\" content=\"2021-07-29T08:59:59+00:00\" \/>\n<meta property=\"og:image\" content=\"https:\/\/www.nova-trojka.cz\/wp-content\/uploads\/2021\/01\/baby-21167_1920.jpg\" \/>\n\t<meta property=\"og:image:width\" content=\"1280\" \/>\n\t<meta property=\"og:image:height\" content=\"1920\" \/>\n\t<meta property=\"og:image:type\" content=\"image\/jpeg\" \/>\n<meta name=\"twitter:card\" content=\"summary_large_image\" \/>\n<meta name=\"twitter:label1\" content=\"Odhadovan\u00e1 doba \u010dten\u00ed\" \/>\n\t<meta name=\"twitter:data1\" content=\"3 minuty\" \/>\n<script type=\"application\/ld+json\" class=\"yoast-schema-graph\">{\"@context\":\"https:\\\/\\\/schema.org\",\"@graph\":[{\"@type\":\"WebPage\",\"@id\":\"https:\\\/\\\/www.nova-trojka.cz\\\/index.php\\\/poradenstvi\\\/nejcastejsi-myty-o-kojeni\\\/\",\"url\":\"https:\\\/\\\/www.nova-trojka.cz\\\/index.php\\\/poradenstvi\\\/nejcastejsi-myty-o-kojeni\\\/\",\"name\":\"Nej\u010dast\u011bj\u0161\u00ed m\u00fdty o kojen\u00ed. - Rodinn\u00e9 centrum Nov\u00e1 Trojka\",\"isPartOf\":{\"@id\":\"https:\\\/\\\/www.nova-trojka.cz\\\/#website\"},\"datePublished\":\"2021-01-26T07:55:46+00:00\",\"dateModified\":\"2021-07-29T08:59:59+00:00\",\"description\":\"Rad\u00ed V\u00e1m okol\u00ed jak \u010dasto a jak dlouho kojit? P\u0159e\u010dt\u011bte si jak\u00e9 jsou nej\u010dast\u011bj\u0161\u00ed m\u00fdty o kojen\u00ed a jak\u00e1 je realita.\",\"breadcrumb\":{\"@id\":\"https:\\\/\\\/www.nova-trojka.cz\\\/index.php\\\/poradenstvi\\\/nejcastejsi-myty-o-kojeni\\\/#breadcrumb\"},\"inLanguage\":\"cs\",\"potentialAction\":[{\"@type\":\"ReadAction\",\"target\":[\"https:\\\/\\\/www.nova-trojka.cz\\\/index.php\\\/poradenstvi\\\/nejcastejsi-myty-o-kojeni\\\/\"]}]},{\"@type\":\"BreadcrumbList\",\"@id\":\"https:\\\/\\\/www.nova-trojka.cz\\\/index.php\\\/poradenstvi\\\/nejcastejsi-myty-o-kojeni\\\/#breadcrumb\",\"itemListElement\":[{\"@type\":\"ListItem\",\"position\":1,\"name\":\"Dom\u016f\",\"item\":\"https:\\\/\\\/www.nova-trojka.cz\\\/\"},{\"@type\":\"ListItem\",\"position\":2,\"name\":\"Poradenstv\u00ed\",\"item\":\"https:\\\/\\\/www.nova-trojka.cz\\\/index.php\\\/poradenstvi\\\/\"},{\"@type\":\"ListItem\",\"position\":3,\"name\":\"Nej\u010dast\u011bj\u0161\u00ed m\u00fdty o kojen\u00ed.\"}]},{\"@type\":\"WebSite\",\"@id\":\"https:\\\/\\\/www.nova-trojka.cz\\\/#website\",\"url\":\"https:\\\/\\\/www.nova-trojka.cz\\\/\",\"name\":\"Nov\u00e1 Trojka\",\"description\":\"Rodinn\u00e9 a kulturn\u00ed centrum Nov\u00e1 Trojka nab\u00edz\u00ed p\u0159\u00e1telsk\u00fd, bezpe\u010dn\u00fd a inspirativn\u00ed prostor pro celou rodinu.\",\"publisher\":{\"@id\":\"https:\\\/\\\/www.nova-trojka.cz\\\/#organization\"},\"potentialAction\":[{\"@type\":\"SearchAction\",\"target\":{\"@type\":\"EntryPoint\",\"urlTemplate\":\"https:\\\/\\\/www.nova-trojka.cz\\\/?s={search_term_string}\"},\"query-input\":{\"@type\":\"PropertyValueSpecification\",\"valueRequired\":true,\"valueName\":\"search_term_string\"}}],\"inLanguage\":\"cs\"},{\"@type\":\"Organization\",\"@id\":\"https:\\\/\\\/www.nova-trojka.cz\\\/#organization\",\"name\":\"NOV\u00c1 TROJKA, z.s.\",\"url\":\"https:\\\/\\\/www.nova-trojka.cz\\\/\",\"logo\":{\"@type\":\"ImageObject\",\"inLanguage\":\"cs\",\"@id\":\"https:\\\/\\\/www.nova-trojka.cz\\\/#\\\/schema\\\/logo\\\/image\\\/\",\"url\":\"https:\\\/\\\/www.nova-trojka.cz\\\/wp-content\\\/uploads\\\/2019\\\/05\\\/logotypN3.png\",\"contentUrl\":\"https:\\\/\\\/www.nova-trojka.cz\\\/wp-content\\\/uploads\\\/2019\\\/05\\\/logotypN3.png\",\"width\":640,\"height\":480,\"caption\":\"NOV\u00c1 TROJKA, z.s.\"},\"image\":{\"@id\":\"https:\\\/\\\/www.nova-trojka.cz\\\/#\\\/schema\\\/logo\\\/image\\\/\"},\"sameAs\":[\"https:\\\/\\\/www.facebook.com\\\/novatrojka\\\/\",\"https:\\\/\\\/www.instagram.com\\\/novatrojka\\\/\"]}]}<\/script>\n<!-- \/ Yoast SEO plugin. -->","yoast_head_json":{"title":"Nej\u010dast\u011bj\u0161\u00ed m\u00fdty o kojen\u00ed. - Rodinn\u00e9 centrum Nov\u00e1 Trojka","description":"Rad\u00ed V\u00e1m okol\u00ed jak \u010dasto a jak dlouho kojit? P\u0159e\u010dt\u011bte si jak\u00e9 jsou nej\u010dast\u011bj\u0161\u00ed m\u00fdty o kojen\u00ed a jak\u00e1 je realita.","robots":{"index":"index","follow":"follow","max-snippet":"max-snippet:-1","max-image-preview":"max-image-preview:large","max-video-preview":"max-video-preview:-1"},"canonical":"https:\/\/www.nova-trojka.cz\/index.php\/poradenstvi\/nejcastejsi-myty-o-kojeni\/","og_locale":"cs_CZ","og_type":"article","og_title":"Nej\u010dast\u011bj\u0161\u00ed m\u00fdty o kojen\u00ed. - Rodinn\u00e9 centrum Nov\u00e1 Trojka","og_description":"Rad\u00ed V\u00e1m okol\u00ed jak \u010dasto a jak dlouho kojit? P\u0159e\u010dt\u011bte si jak\u00e9 jsou nej\u010dast\u011bj\u0161\u00ed m\u00fdty o kojen\u00ed a jak\u00e1 je realita.","og_url":"https:\/\/www.nova-trojka.cz\/index.php\/poradenstvi\/nejcastejsi-myty-o-kojeni\/","og_site_name":"Rodinn\u00e9 centrum Nov\u00e1 Trojka","article_publisher":"https:\/\/www.facebook.com\/novatrojka\/","article_modified_time":"2021-07-29T08:59:59+00:00","og_image":[{"width":1280,"height":1920,"url":"https:\/\/www.nova-trojka.cz\/wp-content\/uploads\/2021\/01\/baby-21167_1920.jpg","type":"image\/jpeg"}],"twitter_card":"summary_large_image","twitter_misc":{"Odhadovan\u00e1 doba \u010dten\u00ed":"3 minuty"},"schema":{"@context":"https:\/\/schema.org","@graph":[{"@type":"WebPage","@id":"https:\/\/www.nova-trojka.cz\/index.php\/poradenstvi\/nejcastejsi-myty-o-kojeni\/","url":"https:\/\/www.nova-trojka.cz\/index.php\/poradenstvi\/nejcastejsi-myty-o-kojeni\/","name":"Nej\u010dast\u011bj\u0161\u00ed m\u00fdty o kojen\u00ed. - Rodinn\u00e9 centrum Nov\u00e1 Trojka","isPartOf":{"@id":"https:\/\/www.nova-trojka.cz\/#website"},"datePublished":"2021-01-26T07:55:46+00:00","dateModified":"2021-07-29T08:59:59+00:00","description":"Rad\u00ed V\u00e1m okol\u00ed jak \u010dasto a jak dlouho kojit? P\u0159e\u010dt\u011bte si jak\u00e9 jsou nej\u010dast\u011bj\u0161\u00ed m\u00fdty o kojen\u00ed a jak\u00e1 je realita.","breadcrumb":{"@id":"https:\/\/www.nova-trojka.cz\/index.php\/poradenstvi\/nejcastejsi-myty-o-kojeni\/#breadcrumb"},"inLanguage":"cs","potentialAction":[{"@type":"ReadAction","target":["https:\/\/www.nova-trojka.cz\/index.php\/poradenstvi\/nejcastejsi-myty-o-kojeni\/"]}]},{"@type":"BreadcrumbList","@id":"https:\/\/www.nova-trojka.cz\/index.php\/poradenstvi\/nejcastejsi-myty-o-kojeni\/#breadcrumb","itemListElement":[{"@type":"ListItem","position":1,"name":"Dom\u016f","item":"https:\/\/www.nova-trojka.cz\/"},{"@type":"ListItem","position":2,"name":"Poradenstv\u00ed","item":"https:\/\/www.nova-trojka.cz\/index.php\/poradenstvi\/"},{"@type":"ListItem","position":3,"name":"Nej\u010dast\u011bj\u0161\u00ed m\u00fdty o kojen\u00ed."}]},{"@type":"WebSite","@id":"https:\/\/www.nova-trojka.cz\/#website","url":"https:\/\/www.nova-trojka.cz\/","name":"Nov\u00e1 Trojka","description":"Rodinn\u00e9 a kulturn\u00ed centrum Nov\u00e1 Trojka nab\u00edz\u00ed p\u0159\u00e1telsk\u00fd, bezpe\u010dn\u00fd a inspirativn\u00ed prostor pro celou rodinu.","publisher":{"@id":"https:\/\/www.nova-trojka.cz\/#organization"},"potentialAction":[{"@type":"SearchAction","target":{"@type":"EntryPoint","urlTemplate":"https:\/\/www.nova-trojka.cz\/?s={search_term_string}"},"query-input":{"@type":"PropertyValueSpecification","valueRequired":true,"valueName":"search_term_string"}}],"inLanguage":"cs"},{"@type":"Organization","@id":"https:\/\/www.nova-trojka.cz\/#organization","name":"NOV\u00c1 TROJKA, z.s.","url":"https:\/\/www.nova-trojka.cz\/","logo":{"@type":"ImageObject","inLanguage":"cs","@id":"https:\/\/www.nova-trojka.cz\/#\/schema\/logo\/image\/","url":"https:\/\/www.nova-trojka.cz\/wp-content\/uploads\/2019\/05\/logotypN3.png","contentUrl":"https:\/\/www.nova-trojka.cz\/wp-content\/uploads\/2019\/05\/logotypN3.png","width":640,"height":480,"caption":"NOV\u00c1 TROJKA, z.s."},"image":{"@id":"https:\/\/www.nova-trojka.cz\/#\/schema\/logo\/image\/"},"sameAs":["https:\/\/www.facebook.com\/novatrojka\/","https:\/\/www.instagram.com\/novatrojka\/"]}]}},"_links":{"self":[{"href":"https:\/\/www.nova-trojka.cz\/index.php\/wp-json\/wp\/v2\/pages\/4831","targetHints":{"allow":["GET"]}}],"collection":[{"href":"https:\/\/www.nova-trojka.cz\/index.php\/wp-json\/wp\/v2\/pages"}],"about":[{"href":"https:\/\/www.nova-trojka.cz\/index.php\/wp-json\/wp\/v2\/types\/page"}],"author":[{"embeddable":true,"href":"https:\/\/www.nova-trojka.cz\/index.php\/wp-json\/wp\/v2\/users\/1"}],"replies":[{"embeddable":true,"href":"https:\/\/www.nova-trojka.cz\/index.php\/wp-json\/wp\/v2\/comments?post=4831"}],"version-history":[{"count":4,"href":"https:\/\/www.nova-trojka.cz\/index.php\/wp-json\/wp\/v2\/pages\/4831\/revisions"}],"predecessor-version":[{"id":5755,"href":"https:\/\/www.nova-trojka.cz\/index.php\/wp-json\/wp\/v2\/pages\/4831\/revisions\/5755"}],"up":[{"embeddable":true,"href":"https:\/\/www.nova-trojka.cz\/index.php\/wp-json\/wp\/v2\/pages\/1341"}],"wp:attachment":[{"href":"https:\/\/www.nova-trojka.cz\/index.php\/wp-json\/wp\/v2\/media?parent=4831"}],"curies":[{"name":"wp","href":"https:\/\/api.w.org\/{rel}","templated":true}]}}