{"id":12068,"date":"2026-03-25T12:23:32","date_gmt":"2026-03-25T11:23:32","guid":{"rendered":"https:\/\/www.nova-trojka.cz\/?page_id=12068"},"modified":"2026-04-14T14:49:35","modified_gmt":"2026-04-14T12:49:35","slug":"foto-roku-2025","status":"publish","type":"page","link":"https:\/\/www.nova-trojka.cz\/index.php\/galerie\/foto-roku-2025\/","title":{"rendered":"Foto roku 2025"},"content":{"rendered":"\n<div class=\"clearfix rara-row\"><div class=\"rara_column rara-span2\"><p style=\"text-align: center;\"><img loading=\"lazy\" decoding=\"async\" class=\"alignnone size-medium wp-image-11526\" src=\"https:\/\/www.nova-trojka.cz\/wp-content\/uploads\/2025\/12\/4D56D398-A97C-44C9-8C0D-ED5623080B7B-300x200.jpeg\" alt=\"\" width=\"300\" height=\"200\" srcset=\"https:\/\/www.nova-trojka.cz\/wp-content\/uploads\/2025\/12\/4D56D398-A97C-44C9-8C0D-ED5623080B7B-300x200.jpeg 300w, https:\/\/www.nova-trojka.cz\/wp-content\/uploads\/2025\/12\/4D56D398-A97C-44C9-8C0D-ED5623080B7B-1024x683.jpeg 1024w, https:\/\/www.nova-trojka.cz\/wp-content\/uploads\/2025\/12\/4D56D398-A97C-44C9-8C0D-ED5623080B7B-768x512.jpeg 768w, https:\/\/www.nova-trojka.cz\/wp-content\/uploads\/2025\/12\/4D56D398-A97C-44C9-8C0D-ED5623080B7B-1536x1024.jpeg 1536w, https:\/\/www.nova-trojka.cz\/wp-content\/uploads\/2025\/12\/4D56D398-A97C-44C9-8C0D-ED5623080B7B-2048x1365.jpeg 2048w\" sizes=\"auto, (max-width: 300px) 100vw, 300px\" \/><strong><a href=\"https:\/\/www.nova-trojka.cz\/index.php\/mikulas-aneb-andelska-draha\/\">Mikul\u00e1\u0161 &#8211; p\u00e1tek<\/a><\/strong><\/p>\n<p style=\"text-align: center;\"><img loading=\"lazy\" decoding=\"async\" class=\"alignnone size-medium wp-image-11355\" src=\"https:\/\/www.nova-trojka.cz\/wp-content\/uploads\/2025\/12\/DD4ADD77-7F0F-40C5-93A4-64C8963E0CFC-300x200.jpeg\" alt=\"\" width=\"300\" height=\"200\" srcset=\"https:\/\/www.nova-trojka.cz\/wp-content\/uploads\/2025\/12\/DD4ADD77-7F0F-40C5-93A4-64C8963E0CFC-300x200.jpeg 300w, https:\/\/www.nova-trojka.cz\/wp-content\/uploads\/2025\/12\/DD4ADD77-7F0F-40C5-93A4-64C8963E0CFC-1024x683.jpeg 1024w, https:\/\/www.nova-trojka.cz\/wp-content\/uploads\/2025\/12\/DD4ADD77-7F0F-40C5-93A4-64C8963E0CFC-768x512.jpeg 768w, https:\/\/www.nova-trojka.cz\/wp-content\/uploads\/2025\/12\/DD4ADD77-7F0F-40C5-93A4-64C8963E0CFC-1536x1024.jpeg 1536w, https:\/\/www.nova-trojka.cz\/wp-content\/uploads\/2025\/12\/DD4ADD77-7F0F-40C5-93A4-64C8963E0CFC-2048x1365.jpeg 2048w\" sizes=\"auto, (max-width: 300px) 100vw, 300px\" \/><strong><a href=\"https:\/\/www.nova-trojka.cz\/index.php\/martinska-svetylka-2\/\">Martinsk\u00e1 sv\u011bt\u00fdlka<\/a><\/strong><\/p>\n<p style=\"text-align: center;\"><a href=\"https:\/\/www.nova-trojka.cz\/index.php\/podzimni-burza-2\/\"><img loading=\"lazy\" decoding=\"async\" class=\"alignnone size-medium wp-image-11266 aligncenter\" src=\"https:\/\/www.nova-trojka.cz\/wp-content\/uploads\/2025\/10\/BC878817-B284-4FF1-A3F2-7A1301EF2B1D-300x200.jpeg\" alt=\"\" width=\"300\" height=\"200\" srcset=\"https:\/\/www.nova-trojka.cz\/wp-content\/uploads\/2025\/10\/BC878817-B284-4FF1-A3F2-7A1301EF2B1D-300x200.jpeg 300w, https:\/\/www.nova-trojka.cz\/wp-content\/uploads\/2025\/10\/BC878817-B284-4FF1-A3F2-7A1301EF2B1D-1024x683.jpeg 1024w, https:\/\/www.nova-trojka.cz\/wp-content\/uploads\/2025\/10\/BC878817-B284-4FF1-A3F2-7A1301EF2B1D-768x512.jpeg 768w, https:\/\/www.nova-trojka.cz\/wp-content\/uploads\/2025\/10\/BC878817-B284-4FF1-A3F2-7A1301EF2B1D-1536x1024.jpeg 1536w, https:\/\/www.nova-trojka.cz\/wp-content\/uploads\/2025\/10\/BC878817-B284-4FF1-A3F2-7A1301EF2B1D-2048x1365.jpeg 2048w\" sizes=\"auto, (max-width: 300px) 100vw, 300px\" \/><strong>Podzimn\u00ed dobro\u010dinn\u00e1 burza<\/strong><\/a><\/p>\n<p style=\"text-align: center;\"><a href=\"https:\/\/www.nova-trojka.cz\/index.php\/velikonoce-s-katou-a-skubankem\/\"><img loading=\"lazy\" decoding=\"async\" class=\"alignnone wp-image-10716 size-medium\" src=\"https:\/\/www.nova-trojka.cz\/wp-content\/uploads\/2025\/05\/811D76DD-593E-4EE0-8119-339D97560166-300x200.jpeg\" alt=\"\" width=\"300\" height=\"200\" srcset=\"https:\/\/www.nova-trojka.cz\/wp-content\/uploads\/2025\/05\/811D76DD-593E-4EE0-8119-339D97560166-300x200.jpeg 300w, https:\/\/www.nova-trojka.cz\/wp-content\/uploads\/2025\/05\/811D76DD-593E-4EE0-8119-339D97560166-1024x683.jpeg 1024w, https:\/\/www.nova-trojka.cz\/wp-content\/uploads\/2025\/05\/811D76DD-593E-4EE0-8119-339D97560166-768x512.jpeg 768w, https:\/\/www.nova-trojka.cz\/wp-content\/uploads\/2025\/05\/811D76DD-593E-4EE0-8119-339D97560166-1536x1024.jpeg 1536w, https:\/\/www.nova-trojka.cz\/wp-content\/uploads\/2025\/05\/811D76DD-593E-4EE0-8119-339D97560166-2048x1365.jpeg 2048w\" sizes=\"auto, (max-width: 300px) 100vw, 300px\" \/><\/a><a href=\"https:\/\/www.nova-trojka.cz\/index.php\/velikonoce-s-katou-a-skubankem\/\"><strong>Velikonoce s K\u00e1\u0165ou a \u0160kub\u00e1nkem<\/strong><\/a><\/p>\n<p style=\"text-align: center;\"><a href=\"https:\/\/www.nova-trojka.cz\/index.php\/smyslozem-3\/\"><strong><img loading=\"lazy\" decoding=\"async\" class=\"alignnone wp-image-10573 size-medium\" src=\"https:\/\/www.nova-trojka.cz\/wp-content\/uploads\/2025\/05\/F5FA81A1-4D11-4EAB-B537-985CBABD9E48-300x200.jpeg\" alt=\"\" width=\"300\" height=\"200\" srcset=\"https:\/\/www.nova-trojka.cz\/wp-content\/uploads\/2025\/05\/F5FA81A1-4D11-4EAB-B537-985CBABD9E48-300x200.jpeg 300w, https:\/\/www.nova-trojka.cz\/wp-content\/uploads\/2025\/05\/F5FA81A1-4D11-4EAB-B537-985CBABD9E48-1024x683.jpeg 1024w, https:\/\/www.nova-trojka.cz\/wp-content\/uploads\/2025\/05\/F5FA81A1-4D11-4EAB-B537-985CBABD9E48-768x512.jpeg 768w, https:\/\/www.nova-trojka.cz\/wp-content\/uploads\/2025\/05\/F5FA81A1-4D11-4EAB-B537-985CBABD9E48-1536x1024.jpeg 1536w, https:\/\/www.nova-trojka.cz\/wp-content\/uploads\/2025\/05\/F5FA81A1-4D11-4EAB-B537-985CBABD9E48-2048x1365.jpeg 2048w\" sizes=\"auto, (max-width: 300px) 100vw, 300px\" \/><\/strong><\/a><a href=\"https:\/\/www.nova-trojka.cz\/index.php\/smyslozem-3\/\"><strong>Smyslozem<\/strong><\/a><\/p><\/div><div class=\"rara_column rara-span2\"><p style=\"text-align: center;\"><a href=\"https:\/\/www.nova-trojka.cz\/index.php\/bojovka-aneb-cesta-za-domorodci\/\"><img loading=\"lazy\" decoding=\"async\" class=\"alignnone size-medium wp-image-11479\" src=\"https:\/\/www.nova-trojka.cz\/wp-content\/uploads\/2025\/12\/8B366F2E-9986-446A-9D34-85F4C29A7888-300x200.jpeg\" alt=\"\" width=\"300\" height=\"200\" srcset=\"https:\/\/www.nova-trojka.cz\/wp-content\/uploads\/2025\/12\/8B366F2E-9986-446A-9D34-85F4C29A7888-300x200.jpeg 300w, https:\/\/www.nova-trojka.cz\/wp-content\/uploads\/2025\/12\/8B366F2E-9986-446A-9D34-85F4C29A7888-1024x683.jpeg 1024w, https:\/\/www.nova-trojka.cz\/wp-content\/uploads\/2025\/12\/8B366F2E-9986-446A-9D34-85F4C29A7888-768x512.jpeg 768w, https:\/\/www.nova-trojka.cz\/wp-content\/uploads\/2025\/12\/8B366F2E-9986-446A-9D34-85F4C29A7888-1536x1024.jpeg 1536w, https:\/\/www.nova-trojka.cz\/wp-content\/uploads\/2025\/12\/8B366F2E-9986-446A-9D34-85F4C29A7888-2048x1365.jpeg 2048w\" sizes=\"auto, (max-width: 300px) 100vw, 300px\" \/><\/a><strong><a href=\"https:\/\/www.nova-trojka.cz\/index.php\/mikulas-2025-sobota\/\">Mikul\u00e1\u0161 &#8211; sobota<\/a><\/strong><\/p>\n<p style=\"text-align: center;\"><a href=\"https:\/\/www.nova-trojka.cz\/index.php\/bojovka-aneb-cesta-za-domorodci\/\"><img loading=\"lazy\" decoding=\"async\" class=\"alignnone size-medium wp-image-11215 aligncenter\" src=\"https:\/\/www.nova-trojka.cz\/wp-content\/uploads\/2025\/10\/75497E3E-4C54-4D57-822C-47ABEB83C7FE-300x200.jpeg\" alt=\"\" width=\"300\" height=\"200\" srcset=\"https:\/\/www.nova-trojka.cz\/wp-content\/uploads\/2025\/10\/75497E3E-4C54-4D57-822C-47ABEB83C7FE-300x200.jpeg 300w, https:\/\/www.nova-trojka.cz\/wp-content\/uploads\/2025\/10\/75497E3E-4C54-4D57-822C-47ABEB83C7FE-1024x683.jpeg 1024w, https:\/\/www.nova-trojka.cz\/wp-content\/uploads\/2025\/10\/75497E3E-4C54-4D57-822C-47ABEB83C7FE-768x512.jpeg 768w, https:\/\/www.nova-trojka.cz\/wp-content\/uploads\/2025\/10\/75497E3E-4C54-4D57-822C-47ABEB83C7FE-1536x1024.jpeg 1536w, https:\/\/www.nova-trojka.cz\/wp-content\/uploads\/2025\/10\/75497E3E-4C54-4D57-822C-47ABEB83C7FE-2048x1365.jpeg 2048w\" sizes=\"auto, (max-width: 300px) 100vw, 300px\" \/><strong>Bojovka aneb Cesta za domorodci<\/strong><\/a><\/p>\n<p style=\"text-align: center;\"><a href=\"https:\/\/www.nova-trojka.cz\/index.php\/carodejnice-v-ic-zahrada-3\/\"><img loading=\"lazy\" decoding=\"async\" class=\"alignnone wp-image-10789 size-medium\" src=\"https:\/\/www.nova-trojka.cz\/wp-content\/uploads\/2025\/05\/3B0FB7D6-33A2-4991-BE88-938455901344-300x200.jpeg\" alt=\"\" width=\"300\" height=\"200\" srcset=\"https:\/\/www.nova-trojka.cz\/wp-content\/uploads\/2025\/05\/3B0FB7D6-33A2-4991-BE88-938455901344-300x200.jpeg 300w, https:\/\/www.nova-trojka.cz\/wp-content\/uploads\/2025\/05\/3B0FB7D6-33A2-4991-BE88-938455901344-1024x683.jpeg 1024w, https:\/\/www.nova-trojka.cz\/wp-content\/uploads\/2025\/05\/3B0FB7D6-33A2-4991-BE88-938455901344-768x512.jpeg 768w, https:\/\/www.nova-trojka.cz\/wp-content\/uploads\/2025\/05\/3B0FB7D6-33A2-4991-BE88-938455901344-1536x1024.jpeg 1536w, https:\/\/www.nova-trojka.cz\/wp-content\/uploads\/2025\/05\/3B0FB7D6-33A2-4991-BE88-938455901344-2048x1365.jpeg 2048w\" sizes=\"auto, (max-width: 300px) 100vw, 300px\" \/><\/a><a href=\"https:\/\/www.nova-trojka.cz\/index.php\/carodejnice-v-ic-zahrada-3\/\"><strong>\u010carod\u011bjnice v Zahrad\u011b<\/strong><\/a><\/p>\n<p style=\"text-align: center;\"><a href=\"https:\/\/www.nova-trojka.cz\/index.php\/karneval-aneb-cesta-kolem-sveta\/\"><img loading=\"lazy\" decoding=\"async\" class=\"alignnone wp-image-10616 size-medium\" src=\"https:\/\/www.nova-trojka.cz\/wp-content\/uploads\/2025\/05\/BCFB61D8-BC40-486A-B278-B860465E681B-300x200.jpeg\" alt=\"\" width=\"300\" height=\"200\" srcset=\"https:\/\/www.nova-trojka.cz\/wp-content\/uploads\/2025\/05\/BCFB61D8-BC40-486A-B278-B860465E681B-300x200.jpeg 300w, https:\/\/www.nova-trojka.cz\/wp-content\/uploads\/2025\/05\/BCFB61D8-BC40-486A-B278-B860465E681B-1024x683.jpeg 1024w, https:\/\/www.nova-trojka.cz\/wp-content\/uploads\/2025\/05\/BCFB61D8-BC40-486A-B278-B860465E681B-768x512.jpeg 768w, https:\/\/www.nova-trojka.cz\/wp-content\/uploads\/2025\/05\/BCFB61D8-BC40-486A-B278-B860465E681B-1536x1024.jpeg 1536w, https:\/\/www.nova-trojka.cz\/wp-content\/uploads\/2025\/05\/BCFB61D8-BC40-486A-B278-B860465E681B-2048x1365.jpeg 2048w\" sizes=\"auto, (max-width: 300px) 100vw, 300px\" \/><\/a><a href=\"https:\/\/www.nova-trojka.cz\/index.php\/karneval-aneb-cesta-kolem-sveta\/\"><b>Karneval<\/b><\/a><\/p><\/div><div class=\"rara_column rara-span2\"><p>\u00a0<\/p>\n<p><img loading=\"lazy\" decoding=\"async\" class=\"alignnone size-medium wp-image-12358 aligncenter\" src=\"https:\/\/www.nova-trojka.cz\/wp-content\/uploads\/2026\/04\/1766250176154-135x300.jpg\" alt=\"\" width=\"135\" height=\"300\" srcset=\"https:\/\/www.nova-trojka.cz\/wp-content\/uploads\/2026\/04\/1766250176154-135x300.jpg 135w, https:\/\/www.nova-trojka.cz\/wp-content\/uploads\/2026\/04\/1766250176154-461x1024.jpg 461w, https:\/\/www.nova-trojka.cz\/wp-content\/uploads\/2026\/04\/1766250176154-768x1707.jpg 768w, https:\/\/www.nova-trojka.cz\/wp-content\/uploads\/2026\/04\/1766250176154-691x1536.jpg 691w, https:\/\/www.nova-trojka.cz\/wp-content\/uploads\/2026\/04\/1766250176154-922x2048.jpg 922w, https:\/\/www.nova-trojka.cz\/wp-content\/uploads\/2026\/04\/1766250176154-scaled.jpg 1152w\" sizes=\"auto, (max-width: 135px) 100vw, 135px\" \/><\/p>\n<p style=\"text-align: center;\"><a href=\"https:\/\/www.nova-trojka.cz\/index.php\/vanocni-slavnost\/\">V\u00e1no\u010dn\u00ed slavnost<\/a><\/p>\n<p style=\"text-align: center;\"><img loading=\"lazy\" decoding=\"async\" class=\"alignnone size-medium wp-image-11396 aligncenter\" src=\"https:\/\/www.nova-trojka.cz\/wp-content\/uploads\/2025\/12\/2CC2E719-4230-490D-8468-D535EAB8F509-300x200.jpeg\" alt=\"\" width=\"300\" height=\"200\" srcset=\"https:\/\/www.nova-trojka.cz\/wp-content\/uploads\/2025\/12\/2CC2E719-4230-490D-8468-D535EAB8F509-300x200.jpeg 300w, https:\/\/www.nova-trojka.cz\/wp-content\/uploads\/2025\/12\/2CC2E719-4230-490D-8468-D535EAB8F509-1024x683.jpeg 1024w, https:\/\/www.nova-trojka.cz\/wp-content\/uploads\/2025\/12\/2CC2E719-4230-490D-8468-D535EAB8F509-768x512.jpeg 768w, https:\/\/www.nova-trojka.cz\/wp-content\/uploads\/2025\/12\/2CC2E719-4230-490D-8468-D535EAB8F509-1536x1024.jpeg 1536w, https:\/\/www.nova-trojka.cz\/wp-content\/uploads\/2025\/12\/2CC2E719-4230-490D-8468-D535EAB8F509-2048x1365.jpeg 2048w\" sizes=\"auto, (max-width: 300px) 100vw, 300px\" \/><strong><a href=\"https:\/\/www.nova-trojka.cz\/index.php\/adventni-vence\/\">Adventn\u00ed v\u011bnce<\/a><\/strong><a href=\"https:\/\/www.nova-trojka.cz\/index.php\/22-narozeniny-n3-na-vitkove\/\"><img loading=\"lazy\" decoding=\"async\" class=\"alignnone size-medium wp-image-11054 aligncenter\" src=\"https:\/\/www.nova-trojka.cz\/wp-content\/uploads\/2025\/06\/313A7ABF-6828-4F61-A4ED-5D9233667E96-300x200.jpeg\" alt=\"\" width=\"300\" height=\"200\" srcset=\"https:\/\/www.nova-trojka.cz\/wp-content\/uploads\/2025\/06\/313A7ABF-6828-4F61-A4ED-5D9233667E96-300x200.jpeg 300w, https:\/\/www.nova-trojka.cz\/wp-content\/uploads\/2025\/06\/313A7ABF-6828-4F61-A4ED-5D9233667E96-1024x683.jpeg 1024w, https:\/\/www.nova-trojka.cz\/wp-content\/uploads\/2025\/06\/313A7ABF-6828-4F61-A4ED-5D9233667E96-768x512.jpeg 768w, https:\/\/www.nova-trojka.cz\/wp-content\/uploads\/2025\/06\/313A7ABF-6828-4F61-A4ED-5D9233667E96-1536x1024.jpeg 1536w, https:\/\/www.nova-trojka.cz\/wp-content\/uploads\/2025\/06\/313A7ABF-6828-4F61-A4ED-5D9233667E96-2048x1365.jpeg 2048w\" sizes=\"auto, (max-width: 300px) 100vw, 300px\" \/><strong>Narozeniny Nov\u00e9 Trojky<\/strong><\/a><\/p>\n<p style=\"text-align: center;\"><a href=\"https:\/\/www.nova-trojka.cz\/index.php\/den-deti\/\"><img loading=\"lazy\" decoding=\"async\" class=\"size-medium wp-image-10975 aligncenter\" src=\"https:\/\/www.nova-trojka.cz\/wp-content\/uploads\/2025\/06\/65A1299B-AB44-4B74-A8C8-D6FECD47C4DE-300x200.jpeg\" alt=\"\" width=\"300\" height=\"200\" srcset=\"https:\/\/www.nova-trojka.cz\/wp-content\/uploads\/2025\/06\/65A1299B-AB44-4B74-A8C8-D6FECD47C4DE-300x200.jpeg 300w, https:\/\/www.nova-trojka.cz\/wp-content\/uploads\/2025\/06\/65A1299B-AB44-4B74-A8C8-D6FECD47C4DE-1024x683.jpeg 1024w, https:\/\/www.nova-trojka.cz\/wp-content\/uploads\/2025\/06\/65A1299B-AB44-4B74-A8C8-D6FECD47C4DE-768x512.jpeg 768w, https:\/\/www.nova-trojka.cz\/wp-content\/uploads\/2025\/06\/65A1299B-AB44-4B74-A8C8-D6FECD47C4DE-1536x1024.jpeg 1536w, https:\/\/www.nova-trojka.cz\/wp-content\/uploads\/2025\/06\/65A1299B-AB44-4B74-A8C8-D6FECD47C4DE-2048x1365.jpeg 2048w\" sizes=\"auto, (max-width: 300px) 100vw, 300px\" \/><\/a><a href=\"https:\/\/www.nova-trojka.cz\/index.php\/den-deti\/\"><strong>Den d\u011bt\u00ed<\/strong><\/a><\/p>\n<p style=\"text-align: center;\"><a href=\"https:\/\/www.nova-trojka.cz\/index.php\/jarni-burza-2\/\"><img loading=\"lazy\" decoding=\"async\" class=\"alignnone wp-image-10738 size-medium\" src=\"https:\/\/www.nova-trojka.cz\/wp-content\/uploads\/2025\/05\/A4084A04-65C9-422E-96C1-354115C93AE2-300x200.jpeg\" alt=\"\" width=\"300\" height=\"200\" srcset=\"https:\/\/www.nova-trojka.cz\/wp-content\/uploads\/2025\/05\/A4084A04-65C9-422E-96C1-354115C93AE2-300x200.jpeg 300w, https:\/\/www.nova-trojka.cz\/wp-content\/uploads\/2025\/05\/A4084A04-65C9-422E-96C1-354115C93AE2-1024x683.jpeg 1024w, https:\/\/www.nova-trojka.cz\/wp-content\/uploads\/2025\/05\/A4084A04-65C9-422E-96C1-354115C93AE2-768x512.jpeg 768w, https:\/\/www.nova-trojka.cz\/wp-content\/uploads\/2025\/05\/A4084A04-65C9-422E-96C1-354115C93AE2-1536x1024.jpeg 1536w, https:\/\/www.nova-trojka.cz\/wp-content\/uploads\/2025\/05\/A4084A04-65C9-422E-96C1-354115C93AE2-2048x1365.jpeg 2048w\" sizes=\"auto, (max-width: 300px) 100vw, 300px\" \/><\/a><a href=\"https:\/\/www.nova-trojka.cz\/index.php\/jarni-burza-2\/\"><strong>Jarn\u00ed dobro\u010dinn\u00e1 burza<\/strong><\/a><\/p><\/div><\/div>\n\n\n\n<p><\/p>\n","protected":false},"excerpt":{"rendered":"","protected":false},"author":1,"featured_media":0,"parent":696,"menu_order":0,"comment_status":"closed","ping_status":"closed","template":"","meta":{"footnotes":""},"class_list":["post-12068","page","type-page","status-publish","hentry","latest_post"],"yoast_head":"<!-- This site is optimized with the Yoast SEO plugin v27.5 - https:\/\/yoast.com\/product\/yoast-seo-wordpress\/ -->\n<title>Foto roku 2025 - Rodinn\u00e9 centrum Nov\u00e1 Trojka<\/title>\n<meta name=\"robots\" content=\"index, follow, max-snippet:-1, max-image-preview:large, max-video-preview:-1\" \/>\n<link rel=\"canonical\" href=\"https:\/\/www.nova-trojka.cz\/index.php\/galerie\/foto-roku-2025\/\" \/>\n<meta property=\"og:locale\" content=\"cs_CZ\" \/>\n<meta property=\"og:type\" content=\"article\" \/>\n<meta property=\"og:title\" content=\"Foto roku 2025 - Rodinn\u00e9 centrum Nov\u00e1 Trojka\" \/>\n<meta property=\"og:url\" content=\"https:\/\/www.nova-trojka.cz\/index.php\/galerie\/foto-roku-2025\/\" \/>\n<meta property=\"og:site_name\" content=\"Rodinn\u00e9 centrum Nov\u00e1 Trojka\" \/>\n<meta property=\"article:publisher\" content=\"https:\/\/www.facebook.com\/novatrojka\/\" \/>\n<meta property=\"article:modified_time\" content=\"2026-04-14T12:49:35+00:00\" \/>\n<meta property=\"og:image\" content=\"https:\/\/www.nova-trojka.cz\/wp-content\/uploads\/2025\/12\/4D56D398-A97C-44C9-8C0D-ED5623080B7B-scaled.jpeg\" \/>\n\t<meta property=\"og:image:width\" content=\"2560\" \/>\n\t<meta property=\"og:image:height\" content=\"1707\" \/>\n\t<meta property=\"og:image:type\" content=\"image\/jpeg\" \/>\n<meta name=\"twitter:card\" content=\"summary_large_image\" \/>\n<meta name=\"twitter:label1\" content=\"Odhadovan\u00e1 doba \u010dten\u00ed\" \/>\n\t<meta name=\"twitter:data1\" content=\"4 minuty\" \/>\n<script type=\"application\/ld+json\" class=\"yoast-schema-graph\">{\"@context\":\"https:\\\/\\\/schema.org\",\"@graph\":[{\"@type\":\"WebPage\",\"@id\":\"https:\\\/\\\/www.nova-trojka.cz\\\/index.php\\\/galerie\\\/foto-roku-2025\\\/\",\"url\":\"https:\\\/\\\/www.nova-trojka.cz\\\/index.php\\\/galerie\\\/foto-roku-2025\\\/\",\"name\":\"Foto roku 2025 - Rodinn\u00e9 centrum Nov\u00e1 Trojka\",\"isPartOf\":{\"@id\":\"https:\\\/\\\/www.nova-trojka.cz\\\/#website\"},\"primaryImageOfPage\":{\"@id\":\"https:\\\/\\\/www.nova-trojka.cz\\\/index.php\\\/galerie\\\/foto-roku-2025\\\/#primaryimage\"},\"image\":{\"@id\":\"https:\\\/\\\/www.nova-trojka.cz\\\/index.php\\\/galerie\\\/foto-roku-2025\\\/#primaryimage\"},\"thumbnailUrl\":\"https:\\\/\\\/www.nova-trojka.cz\\\/wp-content\\\/uploads\\\/2025\\\/12\\\/4D56D398-A97C-44C9-8C0D-ED5623080B7B-300x200.jpeg\",\"datePublished\":\"2026-03-25T11:23:32+00:00\",\"dateModified\":\"2026-04-14T12:49:35+00:00\",\"breadcrumb\":{\"@id\":\"https:\\\/\\\/www.nova-trojka.cz\\\/index.php\\\/galerie\\\/foto-roku-2025\\\/#breadcrumb\"},\"inLanguage\":\"cs\",\"potentialAction\":[{\"@type\":\"ReadAction\",\"target\":[\"https:\\\/\\\/www.nova-trojka.cz\\\/index.php\\\/galerie\\\/foto-roku-2025\\\/\"]}]},{\"@type\":\"ImageObject\",\"inLanguage\":\"cs\",\"@id\":\"https:\\\/\\\/www.nova-trojka.cz\\\/index.php\\\/galerie\\\/foto-roku-2025\\\/#primaryimage\",\"url\":\"https:\\\/\\\/www.nova-trojka.cz\\\/wp-content\\\/uploads\\\/2025\\\/12\\\/4D56D398-A97C-44C9-8C0D-ED5623080B7B-300x200.jpeg\",\"contentUrl\":\"https:\\\/\\\/www.nova-trojka.cz\\\/wp-content\\\/uploads\\\/2025\\\/12\\\/4D56D398-A97C-44C9-8C0D-ED5623080B7B-300x200.jpeg\"},{\"@type\":\"BreadcrumbList\",\"@id\":\"https:\\\/\\\/www.nova-trojka.cz\\\/index.php\\\/galerie\\\/foto-roku-2025\\\/#breadcrumb\",\"itemListElement\":[{\"@type\":\"ListItem\",\"position\":1,\"name\":\"Dom\u016f\",\"item\":\"https:\\\/\\\/www.nova-trojka.cz\\\/\"},{\"@type\":\"ListItem\",\"position\":2,\"name\":\"Galerie\",\"item\":\"https:\\\/\\\/www.nova-trojka.cz\\\/index.php\\\/galerie\\\/\"},{\"@type\":\"ListItem\",\"position\":3,\"name\":\"Foto roku 2025\"}]},{\"@type\":\"WebSite\",\"@id\":\"https:\\\/\\\/www.nova-trojka.cz\\\/#website\",\"url\":\"https:\\\/\\\/www.nova-trojka.cz\\\/\",\"name\":\"Nov\u00e1 Trojka\",\"description\":\"Rodinn\u00e9 a kulturn\u00ed centrum Nov\u00e1 Trojka nab\u00edz\u00ed p\u0159\u00e1telsk\u00fd, bezpe\u010dn\u00fd a inspirativn\u00ed prostor pro celou rodinu.\",\"publisher\":{\"@id\":\"https:\\\/\\\/www.nova-trojka.cz\\\/#organization\"},\"potentialAction\":[{\"@type\":\"SearchAction\",\"target\":{\"@type\":\"EntryPoint\",\"urlTemplate\":\"https:\\\/\\\/www.nova-trojka.cz\\\/?s={search_term_string}\"},\"query-input\":{\"@type\":\"PropertyValueSpecification\",\"valueRequired\":true,\"valueName\":\"search_term_string\"}}],\"inLanguage\":\"cs\"},{\"@type\":\"Organization\",\"@id\":\"https:\\\/\\\/www.nova-trojka.cz\\\/#organization\",\"name\":\"NOV\u00c1 TROJKA, z.s.\",\"url\":\"https:\\\/\\\/www.nova-trojka.cz\\\/\",\"logo\":{\"@type\":\"ImageObject\",\"inLanguage\":\"cs\",\"@id\":\"https:\\\/\\\/www.nova-trojka.cz\\\/#\\\/schema\\\/logo\\\/image\\\/\",\"url\":\"https:\\\/\\\/www.nova-trojka.cz\\\/wp-content\\\/uploads\\\/2019\\\/05\\\/logotypN3.png\",\"contentUrl\":\"https:\\\/\\\/www.nova-trojka.cz\\\/wp-content\\\/uploads\\\/2019\\\/05\\\/logotypN3.png\",\"width\":640,\"height\":480,\"caption\":\"NOV\u00c1 TROJKA, z.s.\"},\"image\":{\"@id\":\"https:\\\/\\\/www.nova-trojka.cz\\\/#\\\/schema\\\/logo\\\/image\\\/\"},\"sameAs\":[\"https:\\\/\\\/www.facebook.com\\\/novatrojka\\\/\",\"https:\\\/\\\/www.instagram.com\\\/novatrojka\\\/\"]}]}<\/script>\n<!-- \/ Yoast SEO plugin. -->","yoast_head_json":{"title":"Foto roku 2025 - Rodinn\u00e9 centrum Nov\u00e1 Trojka","robots":{"index":"index","follow":"follow","max-snippet":"max-snippet:-1","max-image-preview":"max-image-preview:large","max-video-preview":"max-video-preview:-1"},"canonical":"https:\/\/www.nova-trojka.cz\/index.php\/galerie\/foto-roku-2025\/","og_locale":"cs_CZ","og_type":"article","og_title":"Foto roku 2025 - Rodinn\u00e9 centrum Nov\u00e1 Trojka","og_url":"https:\/\/www.nova-trojka.cz\/index.php\/galerie\/foto-roku-2025\/","og_site_name":"Rodinn\u00e9 centrum Nov\u00e1 Trojka","article_publisher":"https:\/\/www.facebook.com\/novatrojka\/","article_modified_time":"2026-04-14T12:49:35+00:00","og_image":[{"width":2560,"height":1707,"url":"https:\/\/www.nova-trojka.cz\/wp-content\/uploads\/2025\/12\/4D56D398-A97C-44C9-8C0D-ED5623080B7B-scaled.jpeg","type":"image\/jpeg"}],"twitter_card":"summary_large_image","twitter_misc":{"Odhadovan\u00e1 doba \u010dten\u00ed":"4 minuty"},"schema":{"@context":"https:\/\/schema.org","@graph":[{"@type":"WebPage","@id":"https:\/\/www.nova-trojka.cz\/index.php\/galerie\/foto-roku-2025\/","url":"https:\/\/www.nova-trojka.cz\/index.php\/galerie\/foto-roku-2025\/","name":"Foto roku 2025 - Rodinn\u00e9 centrum Nov\u00e1 Trojka","isPartOf":{"@id":"https:\/\/www.nova-trojka.cz\/#website"},"primaryImageOfPage":{"@id":"https:\/\/www.nova-trojka.cz\/index.php\/galerie\/foto-roku-2025\/#primaryimage"},"image":{"@id":"https:\/\/www.nova-trojka.cz\/index.php\/galerie\/foto-roku-2025\/#primaryimage"},"thumbnailUrl":"https:\/\/www.nova-trojka.cz\/wp-content\/uploads\/2025\/12\/4D56D398-A97C-44C9-8C0D-ED5623080B7B-300x200.jpeg","datePublished":"2026-03-25T11:23:32+00:00","dateModified":"2026-04-14T12:49:35+00:00","breadcrumb":{"@id":"https:\/\/www.nova-trojka.cz\/index.php\/galerie\/foto-roku-2025\/#breadcrumb"},"inLanguage":"cs","potentialAction":[{"@type":"ReadAction","target":["https:\/\/www.nova-trojka.cz\/index.php\/galerie\/foto-roku-2025\/"]}]},{"@type":"ImageObject","inLanguage":"cs","@id":"https:\/\/www.nova-trojka.cz\/index.php\/galerie\/foto-roku-2025\/#primaryimage","url":"https:\/\/www.nova-trojka.cz\/wp-content\/uploads\/2025\/12\/4D56D398-A97C-44C9-8C0D-ED5623080B7B-300x200.jpeg","contentUrl":"https:\/\/www.nova-trojka.cz\/wp-content\/uploads\/2025\/12\/4D56D398-A97C-44C9-8C0D-ED5623080B7B-300x200.jpeg"},{"@type":"BreadcrumbList","@id":"https:\/\/www.nova-trojka.cz\/index.php\/galerie\/foto-roku-2025\/#breadcrumb","itemListElement":[{"@type":"ListItem","position":1,"name":"Dom\u016f","item":"https:\/\/www.nova-trojka.cz\/"},{"@type":"ListItem","position":2,"name":"Galerie","item":"https:\/\/www.nova-trojka.cz\/index.php\/galerie\/"},{"@type":"ListItem","position":3,"name":"Foto roku 2025"}]},{"@type":"WebSite","@id":"https:\/\/www.nova-trojka.cz\/#website","url":"https:\/\/www.nova-trojka.cz\/","name":"Nov\u00e1 Trojka","description":"Rodinn\u00e9 a kulturn\u00ed centrum Nov\u00e1 Trojka nab\u00edz\u00ed p\u0159\u00e1telsk\u00fd, bezpe\u010dn\u00fd a inspirativn\u00ed prostor pro celou rodinu.","publisher":{"@id":"https:\/\/www.nova-trojka.cz\/#organization"},"potentialAction":[{"@type":"SearchAction","target":{"@type":"EntryPoint","urlTemplate":"https:\/\/www.nova-trojka.cz\/?s={search_term_string}"},"query-input":{"@type":"PropertyValueSpecification","valueRequired":true,"valueName":"search_term_string"}}],"inLanguage":"cs"},{"@type":"Organization","@id":"https:\/\/www.nova-trojka.cz\/#organization","name":"NOV\u00c1 TROJKA, z.s.","url":"https:\/\/www.nova-trojka.cz\/","logo":{"@type":"ImageObject","inLanguage":"cs","@id":"https:\/\/www.nova-trojka.cz\/#\/schema\/logo\/image\/","url":"https:\/\/www.nova-trojka.cz\/wp-content\/uploads\/2019\/05\/logotypN3.png","contentUrl":"https:\/\/www.nova-trojka.cz\/wp-content\/uploads\/2019\/05\/logotypN3.png","width":640,"height":480,"caption":"NOV\u00c1 TROJKA, z.s."},"image":{"@id":"https:\/\/www.nova-trojka.cz\/#\/schema\/logo\/image\/"},"sameAs":["https:\/\/www.facebook.com\/novatrojka\/","https:\/\/www.instagram.com\/novatrojka\/"]}]}},"_links":{"self":[{"href":"https:\/\/www.nova-trojka.cz\/index.php\/wp-json\/wp\/v2\/pages\/12068","targetHints":{"allow":["GET"]}}],"collection":[{"href":"https:\/\/www.nova-trojka.cz\/index.php\/wp-json\/wp\/v2\/pages"}],"about":[{"href":"https:\/\/www.nova-trojka.cz\/index.php\/wp-json\/wp\/v2\/types\/page"}],"author":[{"embeddable":true,"href":"https:\/\/www.nova-trojka.cz\/index.php\/wp-json\/wp\/v2\/users\/1"}],"replies":[{"embeddable":true,"href":"https:\/\/www.nova-trojka.cz\/index.php\/wp-json\/wp\/v2\/comments?post=12068"}],"version-history":[{"count":4,"href":"https:\/\/www.nova-trojka.cz\/index.php\/wp-json\/wp\/v2\/pages\/12068\/revisions"}],"predecessor-version":[{"id":12404,"href":"https:\/\/www.nova-trojka.cz\/index.php\/wp-json\/wp\/v2\/pages\/12068\/revisions\/12404"}],"up":[{"embeddable":true,"href":"https:\/\/www.nova-trojka.cz\/index.php\/wp-json\/wp\/v2\/pages\/696"}],"wp:attachment":[{"href":"https:\/\/www.nova-trojka.cz\/index.php\/wp-json\/wp\/v2\/media?parent=12068"}],"curies":[{"name":"wp","href":"https:\/\/api.w.org\/{rel}","templated":true}]}}